CRAN Package Check Results for Package survivalmodels

Last updated on 2024-06-13 06:58:20 CEST.

Flavor Version Tinstall Tcheck Ttotal Status Flags
r-devel-linux-x86_64-debian-clang 0.1.191 33.30 44.71 78.01 OK
r-devel-linux-x86_64-debian-gcc 0.1.191 18.47 34.65 53.12 NOTE
r-devel-linux-x86_64-fedora-clang 0.1.191 101.22 OK
r-devel-linux-x86_64-fedora-gcc 0.1.191 93.12 OK
r-devel-windows-x86_64 0.1.191 23.00 79.00 102.00 OK
r-patched-linux-x86_64 0.1.191 23.57 41.27 64.84 OK
r-release-linux-x86_64 0.1.191 22.08 41.03 63.11 OK
r-release-macos-arm64 0.1.191 27.00 OK
r-release-macos-x86_64 0.1.191 38.00 OK
r-release-windows-x86_64 0.1.191 23.00 80.00 103.00 OK
r-oldrel-macos-arm64 0.1.191 38.00 OK
r-oldrel-macos-x86_64 0.1.191 70.00 OK
r-oldrel-windows-x86_64 0.1.191 23.00 84.00 107.00 OK

Check Details

Version: 0.1.191
Check: package dependencies
Result: NOTE Packages suggested but not available for checking: 'keras', 'pseudo' Flavor: r-devel-linux-x86_64-debian-gcc