CRAN Package Check Results for Package svars

Last updated on 2024-06-13 06:58:20 CEST.

Flavor Version Tinstall Tcheck Ttotal Status Flags
r-devel-linux-x86_64-debian-clang 1.3.11 174.52 230.44 404.96 OK
r-devel-linux-x86_64-debian-gcc 1.3.11 0.57 1.78 2.35 ERROR
r-devel-linux-x86_64-fedora-clang 1.3.11 530.70 OK
r-devel-linux-x86_64-fedora-gcc 1.3.11 544.62 OK
r-devel-windows-x86_64 1.3.11 127.00 208.00 335.00 OK
r-patched-linux-x86_64 1.3.11 151.79 215.42 367.21 OK
r-release-linux-x86_64 1.3.11 142.33 216.67 359.00 OK
r-release-macos-arm64 1.3.11 118.00 NOTE
r-release-macos-x86_64 1.3.11 163.00 NOTE
r-release-windows-x86_64 1.3.11 129.00 211.00 340.00 OK
r-oldrel-macos-arm64 1.3.11 149.00 NOTE
r-oldrel-macos-x86_64 1.3.11 239.00 NOTE
r-oldrel-windows-x86_64 1.3.11 155.00 242.00 397.00 OK

Check Details

Version: 1.3.11
Check: package dependencies
Result: ERROR Packages required but not available: 'reshape2', 'ggplot2' Packages suggested but not available for checking: 'testthat', 'tsDyn' See section ‘The DESCRIPTION file’ in the ‘Writing R Extensions’ manual. Flavor: r-devel-linux-x86_64-debian-gcc

Version: 1.3.11
Check: installed package size
Result: NOTE installed size is 8.6Mb sub-directories of 1Mb or more: help 1.0Mb libs 6.9Mb Flavors: r-release-macos-arm64, r-release-macos-x86_64, r-oldrel-macos-arm64, r-oldrel-macos-x86_64