CRAN Package Check Results for Package svars

Last updated on 2022-08-11 05:54:42 CEST.

Flavor Version Tinstall Tcheck Ttotal Status Flags
r-devel-linux-x86_64-debian-clang 1.3.9 154.17 240.99 395.16 WARN
r-devel-linux-x86_64-debian-gcc 1.3.9 126.82 171.70 298.52 OK
r-devel-linux-x86_64-fedora-clang 1.3.9 558.98 WARN
r-devel-linux-x86_64-fedora-gcc 1.3.9 501.28 OK
r-devel-windows-x86_64 1.3.9 129.00 289.00 418.00 OK
r-patched-linux-x86_64 1.3.9 142.12 226.82 368.94 OK
r-release-linux-x86_64 1.3.9 OK
r-release-macos-arm64 1.3.9 115.00 NOTE
r-release-macos-x86_64 1.3.9 232.00 NOTE
r-release-windows-x86_64 1.3.9 131.00 290.00 421.00 OK
r-oldrel-macos-arm64 1.3.9 109.00 NOTE
r-oldrel-macos-x86_64 1.3.9 154.00 NOTE
r-oldrel-windows-ix86+x86_64 1.3.9 362.00 383.00 745.00 OK

Additional issues

clang14

Check Details

Version: 1.3.9
Check: whether package can be installed
Result: WARN
    Found the following significant warnings:
     ChangesInVolatility.cpp:47:7: warning: use of bitwise '|' with boolean operands [-Wbitwise-instead-of-logical]
Flavors: r-devel-linux-x86_64-debian-clang, r-devel-linux-x86_64-fedora-clang

Version: 1.3.9
Check: installed package size
Result: NOTE
     installed size is 7.1Mb
     sub-directories of 1Mb or more:
     help 1.1Mb
     libs 5.3Mb
Flavors: r-devel-linux-x86_64-fedora-clang, r-release-macos-arm64, r-release-macos-x86_64, r-oldrel-macos-arm64, r-oldrel-macos-x86_64