CRAN Package Check Results for Package svines

Last updated on 2024-06-21 06:58:25 CEST.

Flavor Version Tinstall Tcheck Ttotal Status Flags
r-devel-linux-x86_64-debian-clang 0.2.3 164.80 69.99 234.79 OK
r-devel-linux-x86_64-debian-gcc 0.2.3 120.36 56.86 177.22 OK
r-devel-linux-x86_64-fedora-clang 0.2.3 281.68 NOTE
r-devel-linux-x86_64-fedora-gcc 0.2.3 356.32 OK
r-devel-windows-x86_64 0.2.3 113.00 115.00 228.00 WARN
r-patched-linux-x86_64 0.2.3 161.36 75.07 236.43 OK
r-release-linux-x86_64 0.2.3 156.08 75.21 231.29 OK
r-release-macos-arm64 0.2.3 74.00 NOTE
r-release-macos-x86_64 0.2.3 132.00 NOTE
r-release-windows-x86_64 0.2.3 117.00 121.00 238.00 WARN
r-oldrel-macos-arm64 0.2.3 83.00 NOTE
r-oldrel-macos-x86_64 0.2.3 163.00 NOTE
r-oldrel-windows-x86_64 0.2.3 136.00 137.00 273.00 NOTE

Check Details

Version: 0.2.3
Check: installed package size
Result: NOTE installed size is 5.5Mb sub-directories of 1Mb or more: libs 5.0Mb Flavors: r-devel-linux-x86_64-fedora-clang, r-devel-windows-x86_64, r-release-macos-arm64, r-release-macos-x86_64, r-release-windows-x86_64, r-oldrel-macos-arm64, r-oldrel-macos-x86_64, r-oldrel-windows-x86_64

Version: 0.2.3
Check: whether package can be installed
Result: WARN Found the following significant warnings: D:/rtools44/x86_64-w64-mingw32.static.posix/lib/gcc/x86_64-w64-mingw32.static.posix/13.2.0/include/emmintrin.h:169:19: warning: 'void* __builtin_memcpy(void*, const void*, long long unsigned int)' reading 16 or more bytes from a region of size 8 [-Wstringop-overread] See 'd:/Rcompile/CRANpkg/local/4.5/svines.Rcheck/00install.out' for details. * used C++ compiler: 'g++.exe (GCC) 13.2.0' Flavor: r-devel-windows-x86_64

Version: 0.2.3
Check: whether package can be installed
Result: WARN Found the following significant warnings: D:/rtools44/x86_64-w64-mingw32.static.posix/lib/gcc/x86_64-w64-mingw32.static.posix/13.2.0/include/emmintrin.h:169:19: warning: 'void* __builtin_memcpy(void*, const void*, long long unsigned int)' reading 16 or more bytes from a region of size 8 [-Wstringop-overread] See 'd:/Rcompile/CRANpkg/local/4.4/svines.Rcheck/00install.out' for details. * used C++ compiler: 'g++.exe (GCC) 13.2.0' Flavor: r-release-windows-x86_64