CRAN Package Check Results for Package swa

Last updated on 2024-06-24 06:49:23 CEST.

Flavor Version Tinstall Tcheck Ttotal Status Flags
r-devel-linux-x86_64-debian-clang 0.8.1 5.92 57.69 63.61 NOTE
r-devel-linux-x86_64-debian-gcc 0.8.1 4.90 42.27 47.17 NOTE
r-devel-linux-x86_64-fedora-clang 0.8.1 80.14 NOTE
r-devel-linux-x86_64-fedora-gcc 0.8.1 74.30 NOTE
r-devel-windows-x86_64 0.8.1 6.00 66.00 72.00 NOTE
r-patched-linux-x86_64 0.8.1 6.03 54.49 60.52 NOTE
r-release-linux-x86_64 0.8.1 5.02 54.40 59.42 NOTE
r-release-macos-arm64 0.8.1 26.00 NOTE
r-release-macos-x86_64 0.8.1 39.00 NOTE
r-release-windows-x86_64 0.8.1 7.00 68.00 75.00 NOTE
r-oldrel-macos-arm64 0.8.1 29.00 NOTE
r-oldrel-macos-x86_64 0.8.1 43.00 NOTE
r-oldrel-windows-x86_64 0.8.1 8.00 71.00 79.00 NOTE

Check Details

Version: 0.8.1
Check: LazyData
Result: NOTE 'LazyData' is specified without a 'data' directory Flavors: r-devel-linux-x86_64-debian-clang, r-devel-linux-x86_64-debian-gcc, r-devel-linux-x86_64-fedora-clang, r-devel-linux-x86_64-fedora-gcc, r-devel-windows-x86_64, r-patched-linux-x86_64, r-release-linux-x86_64, r-release-macos-arm64, r-release-macos-x86_64, r-release-windows-x86_64, r-oldrel-macos-arm64, r-oldrel-macos-x86_64, r-oldrel-windows-x86_64