Last updated on 2022-05-19 05:52:07 CEST.
Flavor | Version | Tinstall | Tcheck | Ttotal | Status | Flags |
---|---|---|---|---|---|---|
r-devel-linux-x86_64-debian-clang | 0.8.1 | 6.49 | 71.38 | 77.87 | NOTE | |
r-devel-linux-x86_64-debian-gcc | 0.8.1 | 4.97 | 53.55 | 58.52 | NOTE | |
r-devel-linux-x86_64-fedora-clang | 0.8.1 | 95.69 | NOTE | |||
r-devel-linux-x86_64-fedora-gcc | 0.8.1 | 89.84 | NOTE | |||
r-devel-windows-x86_64 | 0.8.1 | 10.00 | 88.00 | 98.00 | NOTE | |
r-patched-linux-x86_64 | 0.8.1 | 5.81 | 67.05 | 72.86 | NOTE | |
r-release-linux-x86_64 | 0.8.1 | 5.99 | 67.78 | 73.77 | NOTE | |
r-release-macos-arm64 | 0.8.1 | 28.00 | NOTE | |||
r-release-macos-x86_64 | 0.8.1 | 51.00 | NOTE | |||
r-release-windows-x86_64 | 0.8.1 | 13.00 | 88.00 | 101.00 | NOTE | |
r-oldrel-macos-arm64 | 0.8.1 | 34.00 | NOTE | |||
r-oldrel-macos-x86_64 | 0.8.1 | 48.00 | NOTE | |||
r-oldrel-windows-ix86+x86_64 | 0.8.1 | 16.00 | 79.00 | 95.00 | NOTE |
Version: 0.8.1
Check: LazyData
Result: NOTE
'LazyData' is specified without a 'data' directory
Flavors: r-devel-linux-x86_64-debian-clang, r-devel-linux-x86_64-debian-gcc, r-devel-linux-x86_64-fedora-clang, r-devel-linux-x86_64-fedora-gcc, r-devel-windows-x86_64, r-patched-linux-x86_64, r-release-linux-x86_64, r-release-macos-arm64, r-release-macos-x86_64, r-release-windows-x86_64, r-oldrel-macos-arm64, r-oldrel-macos-x86_64, r-oldrel-windows-ix86+x86_64