CRAN Package Check Results for Package swdft

Last updated on 2022-05-28 05:53:20 CEST.

Flavor Version Tinstall Tcheck Ttotal Status Flags
r-devel-linux-x86_64-debian-clang 1.0.0 2.80 229.28 232.08 NOTE
r-devel-linux-x86_64-debian-gcc 1.0.0 2.78 168.19 170.97 NOTE
r-devel-linux-x86_64-fedora-clang 1.0.0 207.78 NOTE
r-devel-linux-x86_64-fedora-gcc 1.0.0 185.97 NOTE
r-devel-windows-x86_64 1.0.0 33.00 246.00 279.00 NOTE
r-patched-linux-x86_64 1.0.0 3.66 219.32 222.98 NOTE
r-release-linux-x86_64 1.0.0 3.39 223.20 226.59 NOTE
r-release-macos-arm64 1.0.0 55.00 NOTE
r-release-macos-x86_64 1.0.0 92.00 NOTE
r-release-windows-x86_64 1.0.0 36.00 239.00 275.00 NOTE
r-oldrel-macos-arm64 1.0.0 62.00 NOTE
r-oldrel-macos-x86_64 1.0.0 111.00 NOTE
r-oldrel-windows-ix86+x86_64 1.0.0 7.00 263.00 270.00 NOTE

Check Details

Version: 1.0.0
Check: LazyData
Result: NOTE
     'LazyData' is specified without a 'data' directory
Flavors: r-devel-linux-x86_64-debian-clang, r-devel-linux-x86_64-debian-gcc, r-devel-linux-x86_64-fedora-clang, r-devel-linux-x86_64-fedora-gcc, r-devel-windows-x86_64, r-patched-linux-x86_64, r-release-linux-x86_64, r-release-macos-arm64, r-release-macos-x86_64, r-release-windows-x86_64, r-oldrel-macos-arm64, r-oldrel-macos-x86_64, r-oldrel-windows-ix86+x86_64