CRAN Package Check Results for Package swfscAirDAS

Last updated on 2021-12-01 05:59:41 CET.

Flavor Version Tinstall Tcheck Ttotal Status Flags
r-devel-linux-x86_64-debian-clang 0.2.2 10.16 100.08 110.24 NOTE
r-devel-linux-x86_64-debian-gcc 0.2.2 8.03 73.14 81.17 NOTE
r-devel-linux-x86_64-fedora-clang 0.2.2 157.69 NOTE
r-devel-linux-x86_64-fedora-gcc 0.2.2 131.45 NOTE
r-devel-windows-x86_64-new-UL 0.2.2 22.00 136.00 158.00 NOTE
r-devel-windows-x86_64-new-TK 0.2.2 NOTE
r-devel-windows-x86_64-old 0.2.2 17.00 90.00 107.00 NOTE
r-patched-linux-x86_64 0.2.2 11.17 92.23 103.40 NOTE
r-patched-solaris-x86 0.2.2 177.20 NOTE
r-release-linux-x86_64 0.2.2 9.28 93.40 102.68 NOTE
r-release-macos-arm64 0.2.2 NOTE
r-release-macos-x86_64 0.2.2 NOTE
r-release-windows-ix86+x86_64 0.2.2 23.00 88.00 111.00 NOTE
r-oldrel-macos-x86_64 0.2.2 OK
r-oldrel-windows-ix86+x86_64 0.2.2 17.00 94.00 111.00 OK

Check Details

Version: 0.2.2
Check: LazyData
Result: NOTE
     'LazyData' is specified without a 'data' directory
Flavors: r-devel-linux-x86_64-debian-clang, r-devel-linux-x86_64-debian-gcc, r-devel-linux-x86_64-fedora-clang, r-devel-linux-x86_64-fedora-gcc, r-devel-windows-x86_64-new-UL, r-devel-windows-x86_64-new-TK, r-devel-windows-x86_64-old, r-patched-linux-x86_64, r-patched-solaris-x86, r-release-linux-x86_64, r-release-macos-arm64, r-release-macos-x86_64, r-release-windows-ix86+x86_64