CRAN Package Check Results for Package synlik

Last updated on 2024-06-20 06:57:26 CEST.

Flavor Version Tinstall Tcheck Ttotal Status Flags
r-devel-linux-x86_64-debian-clang 0.1.6 48.57 135.14 183.71 NOTE
r-devel-linux-x86_64-debian-gcc 0.1.6 39.67 99.27 138.94 NOTE
r-devel-linux-x86_64-fedora-clang 0.1.6 256.39 NOTE
r-devel-linux-x86_64-fedora-gcc 0.1.6 261.95 NOTE
r-devel-windows-x86_64 0.1.6 50.00 211.00 261.00 NOTE
r-patched-linux-x86_64 0.1.6 47.82 128.95 176.77 NOTE
r-release-linux-x86_64 0.1.6 53.84 129.03 182.87 NOTE
r-release-macos-arm64 0.1.6 94.00 NOTE
r-release-macos-x86_64 0.1.6 168.00 NOTE
r-release-windows-x86_64 0.1.6 48.00 235.00 283.00 NOTE
r-oldrel-macos-arm64 0.1.6 102.00 OK
r-oldrel-macos-x86_64 0.1.6 178.00 OK
r-oldrel-windows-x86_64 0.1.6 61.00 248.00 309.00 OK

Check Details

Version: 0.1.6
Check: Rd files
Result: NOTE checkRd: (-1) robCov.Rd:19-20: Lost braces in \itemize; \value handles \item{}{} directly checkRd: (-1) robCov.Rd:21: Lost braces in \itemize; \value handles \item{}{} directly checkRd: (-1) robCov.Rd:22: Lost braces in \itemize; \value handles \item{}{} directly checkRd: (-1) robCov.Rd:23: Lost braces in \itemize; \value handles \item{}{} directly checkRd: (-1) slice.Rd:28: Lost braces 28 | before plotting {ex: \code{trans = c(s = "exp", d = "exp")}}/} | ^ Flavors: r-devel-linux-x86_64-debian-clang, r-devel-linux-x86_64-debian-gcc, r-devel-linux-x86_64-fedora-clang, r-devel-linux-x86_64-fedora-gcc, r-devel-windows-x86_64, r-patched-linux-x86_64, r-release-linux-x86_64, r-release-macos-arm64, r-release-macos-x86_64, r-release-windows-x86_64