CRAN Package Check Results for Package synoptReg

Last updated on 2021-12-01 05:59:41 CET.

Flavor Version Tinstall Tcheck Ttotal Status Flags
r-devel-linux-x86_64-debian-clang 1.2.1 17.09 154.58 171.67 OK
r-devel-linux-x86_64-debian-gcc 1.2.1 12.02 115.38 127.40 OK
r-devel-linux-x86_64-fedora-clang 1.2.1 237.83 NOTE
r-devel-linux-x86_64-fedora-gcc 1.2.1 209.71 NOTE
r-devel-windows-x86_64-new-UL 1.2.1 28.00 191.00 219.00 OK
r-devel-windows-x86_64-new-TK 1.2.1 NOTE
r-devel-windows-x86_64-old 1.2.1 24.00 127.00 151.00 OK
r-patched-linux-x86_64 1.2.1 16.42 149.24 165.66 OK
r-patched-solaris-x86 1.2.1 316.30 NOTE
r-release-linux-x86_64 1.2.1 16.85 148.74 165.59 OK
r-release-macos-arm64 1.2.1 NOTE
r-release-macos-x86_64 1.2.1 NOTE
r-release-windows-ix86+x86_64 1.2.1 33.00 132.00 165.00 OK
r-oldrel-macos-x86_64 1.2.1 NOTE
r-oldrel-windows-ix86+x86_64 1.2.1 24.00 123.00 147.00 OK

Check Details

Version: 1.2.1
Check: installed package size
Result: NOTE
     installed size is 5.0Mb
     sub-directories of 1Mb or more:
     data 1.5Mb
     extdata 3.4Mb
Flavors: r-devel-linux-x86_64-fedora-clang, r-patched-solaris-x86, r-release-macos-arm64, r-release-macos-x86_64, r-oldrel-macos-x86_64

Version: 1.2.1
Check: dependencies in R code
Result: NOTE
    Namespace in Imports field not imported from: ‘metR’
     All declared Imports should be used.
Flavors: r-devel-linux-x86_64-fedora-clang, r-devel-linux-x86_64-fedora-gcc, r-devel-windows-x86_64-new-TK, r-patched-solaris-x86, r-release-macos-arm64, r-release-macos-x86_64, r-oldrel-macos-x86_64

Version: 1.2.1
Check: package dependencies
Result: NOTE
    Package suggested but not available for checking: ‘udunits2’
Flavors: r-release-macos-arm64, r-release-macos-x86_64