CRAN Package Check Results for Package tablerDash

Last updated on 2019-12-14 05:47:47 CET.

Flavor Version Tinstall Tcheck Ttotal Status Flags
r-devel-linux-x86_64-debian-clang 0.1.0 3.04 21.02 24.06 OK
r-devel-linux-x86_64-debian-gcc 0.1.0 2.52 16.94 19.46 OK
r-devel-linux-x86_64-fedora-clang 0.1.0 29.99 NOTE
r-devel-linux-x86_64-fedora-gcc 0.1.0 28.88 NOTE
r-devel-windows-ix86+x86_64 0.1.0 9.00 44.00 53.00 OK
r-devel-windows-ix86+x86_64-gcc8 0.1.0 10.00 52.00 62.00 OK
r-patched-linux-x86_64 0.1.0 2.43 19.79 22.22 OK
r-patched-solaris-x86 0.1.0 42.50 NOTE
r-release-linux-x86_64 0.1.0 2.49 19.90 22.39 OK
r-release-windows-ix86+x86_64 0.1.0 7.00 34.00 41.00 OK
r-release-osx-x86_64 0.1.0 NOTE
r-oldrel-windows-ix86+x86_64 0.1.0 6.00 33.00 39.00 OK
r-oldrel-osx-x86_64 0.1.0 NOTE

Check Details

Version: 0.1.0
Check: dependencies in R code
Result: NOTE
    Namespace in Imports field not imported from: ‘knitr’
     All declared Imports should be used.
Flavors: r-devel-linux-x86_64-fedora-clang, r-devel-linux-x86_64-fedora-gcc, r-patched-solaris-x86, r-release-osx-x86_64, r-oldrel-osx-x86_64