CRAN Package Check Results for Package tablerDash

Last updated on 2019-08-21 05:47:05 CEST.

Flavor Version Tinstall Tcheck Ttotal Status Flags
r-devel-linux-x86_64-debian-clang 0.1.0 3.12 20.35 23.47 OK
r-devel-linux-x86_64-debian-gcc 0.1.0 2.24 16.36 18.60 OK
r-devel-linux-x86_64-fedora-clang 0.1.0 27.67 NOTE
r-devel-linux-x86_64-fedora-gcc 0.1.0 27.26 NOTE
r-devel-windows-ix86+x86_64 0.1.0 16.00 34.00 50.00 OK
r-patched-linux-x86_64 0.1.0 2.59 20.25 22.84 OK
r-patched-solaris-x86 0.1.0 44.40 NOTE
r-release-linux-x86_64 0.1.0 2.35 20.41 22.76 OK
r-release-windows-ix86+x86_64 0.1.0 8.00 36.00 44.00 OK
r-release-osx-x86_64 0.1.0 NOTE
r-oldrel-windows-ix86+x86_64 0.1.0 11.00 43.00 54.00 OK
r-oldrel-osx-x86_64 0.1.0 NOTE

Check Details

Version: 0.1.0
Check: dependencies in R code
Result: NOTE
    Namespace in Imports field not imported from: ‘knitr’
     All declared Imports should be used.
Flavors: r-devel-linux-x86_64-fedora-clang, r-devel-linux-x86_64-fedora-gcc, r-patched-solaris-x86, r-release-osx-x86_64, r-oldrel-osx-x86_64