CRAN Package Check Results for Package tablet

Last updated on 2022-01-26 05:54:32 CET.

Flavor Version Tinstall Tcheck Ttotal Status Flags
r-devel-linux-x86_64-debian-clang 0.4.8 6.59 117.10 123.69 OK
r-devel-linux-x86_64-debian-gcc 0.4.8 5.90 87.36 93.26 OK
r-devel-linux-x86_64-fedora-clang 0.4.8 154.88 OK
r-devel-linux-x86_64-fedora-gcc 0.4.8 141.03 OK
r-devel-windows-x86_64-new-UL 0.4.8 62.00 179.00 241.00 OK
r-devel-windows-x86_64-new-TK 0.4.8 WARN
r-patched-linux-x86_64 0.4.8 6.58 108.34 114.92 OK
r-release-linux-x86_64 0.4.8 6.80 107.72 114.52 OK
r-release-macos-arm64 0.4.0 OK
r-release-macos-x86_64 0.4.8 OK
r-release-windows-ix86+x86_64 0.4.8 21.00 139.00 160.00 OK
r-oldrel-macos-x86_64 0.4.8 OK
r-oldrel-windows-ix86+x86_64 0.4.8 21.00 145.00 166.00 OK

Check Details

Version: 0.4.8
Check: re-building of vignette outputs
Result: WARN
    Error(s) in re-building vignettes:
    --- re-building 'tablet-introduction-html.Rmd' using rmarkdown
    --- finished re-building 'tablet-introduction-html.Rmd'
    
    --- re-building 'tablet-introduction-pdf.Rmd' using rmarkdown
    ! LaTeX Error: File `tabu.sty' not found.
    
    ! Emergency stop.
    <read *>
    
    Error: processing vignette 'tablet-introduction-pdf.Rmd' failed with diagnostics:
    LaTeX failed to compile C:/r_packages/pkgcheck/CRAN/tablet/tablet.Rcheck/vign_test/tablet/vignettes/tablet-introduction-pdf.tex. See https://yihui.org/tinytex/r/#debugging for debugging tips. See tablet-introduction-pdf.log for more info.
    --- failed re-building 'tablet-introduction-pdf.Rmd'
    
    SUMMARY: processing the following file failed:
     'tablet-introduction-pdf.Rmd'
    
    Error: Vignette re-building failed.
    Execution halted
Flavor: r-devel-windows-x86_64-new-TK