CRAN Package Check Results for Package tarchetypes

Last updated on 2022-01-26 05:54:32 CET.

Flavor Version Tinstall Tcheck Ttotal Status Flags
r-devel-linux-x86_64-debian-clang 0.4.1 10.12 127.01 137.13 OK
r-devel-linux-x86_64-debian-gcc 0.4.1 6.76 94.09 100.85 OK
r-devel-linux-x86_64-fedora-clang 0.4.1 166.05 OK
r-devel-linux-x86_64-fedora-gcc 0.4.1 152.32 OK
r-devel-windows-x86_64-new-UL 0.4.1 232.00 189.00 421.00 OK
r-devel-windows-x86_64-new-TK 0.4.1 OK
r-patched-linux-x86_64 0.4.1 14.97 115.86 130.83 OK
r-release-linux-x86_64 0.4.1 8.10 116.18 124.28 OK
r-release-macos-arm64 0.4.1 OK
r-release-macos-x86_64 0.4.1 WARN --as-cran
r-release-windows-ix86+x86_64 0.4.1 21.00 152.00 173.00 OK
r-oldrel-macos-x86_64 0.4.1 OK
r-oldrel-windows-ix86+x86_64 0.4.1 22.00 154.00 176.00 OK

Check Details

Version: 0.4.1
Flags: --as-cran
Check: CRAN incoming feasibility
Result: WARN
    Maintainer: ‘William Michael Landau <will.landau@gmail.com>’
    
    Insufficient package version (submitted: 0.4.1, existing: 0.4.1)
    
    Days since last update: 1
Flavor: r-release-macos-x86_64

Version: 0.4.1
Flags: --as-cran
Check: top-level files
Result: NOTE
    Files ‘README.md’ or ‘NEWS.md’ cannot be checked without ‘pandoc’ being installed.
Flavor: r-release-macos-x86_64