CRAN Package Check Results for Package taxlist

Last updated on 2019-02-16 05:49:28 CET.

Flavor Version Tinstall Tcheck Ttotal Status Flags
r-devel-linux-x86_64-debian-clang 0.1.6 6.91 58.01 64.92 OK
r-devel-linux-x86_64-debian-gcc 0.1.6 5.17 46.44 51.61 OK
r-devel-linux-x86_64-fedora-clang 0.1.6 82.03 NOTE
r-devel-linux-x86_64-fedora-gcc 0.1.6 77.86 NOTE
r-devel-windows-ix86+x86_64 0.1.6 17.00 114.00 131.00 OK
r-patched-linux-x86_64 0.1.6 5.77 54.42 60.19 OK
r-patched-solaris-x86 0.1.6 118.60 NOTE
r-release-linux-x86_64 0.1.6 6.36 53.90 60.26 OK
r-release-windows-ix86+x86_64 0.1.6 11.00 117.00 128.00 OK
r-release-osx-x86_64 0.1.6 NOTE
r-oldrel-windows-ix86+x86_64 0.1.6 17.00 112.00 129.00 OK
r-oldrel-osx-x86_64 0.1.6 NOTE

Check Details

Version: 0.1.6
Check: dependencies in R code
Result: NOTE
    Namespace in Imports field not imported from: ‘grDevices’
     All declared Imports should be used.
Flavors: r-devel-linux-x86_64-fedora-clang, r-devel-linux-x86_64-fedora-gcc, r-patched-solaris-x86, r-release-osx-x86_64, r-oldrel-osx-x86_64

Version: 0.1.6
Check: data for non-ASCII characters
Result: NOTE
     Note: found 97 marked UTF-8 strings
Flavors: r-devel-linux-x86_64-fedora-clang, r-devel-linux-x86_64-fedora-gcc, r-patched-solaris-x86, r-release-osx-x86_64, r-oldrel-osx-x86_64