CRAN Package Check Results for Package tenispolaR

Last updated on 2021-12-06 05:53:26 CET.

Flavor Version Tinstall Tcheck Ttotal Status Flags
r-devel-linux-x86_64-debian-clang 0.1.4 1.79 29.93 31.72 NOTE
r-devel-linux-x86_64-debian-gcc 0.1.4 1.38 23.56 24.94 NOTE
r-devel-linux-x86_64-fedora-clang 0.1.4 40.03 NOTE
r-devel-linux-x86_64-fedora-gcc 0.1.4 28.79 NOTE
r-devel-windows-x86_64-new-UL 0.1.4 6.00 64.00 70.00 NOTE
r-devel-windows-x86_64-new-TK 0.1.4 NOTE
r-devel-windows-x86_64-old 0.1.4 3.00 28.00 31.00 NOTE
r-patched-linux-x86_64 0.1.4 1.59 20.41 22.00 NOTE
r-release-linux-x86_64 0.1.4 1.78 28.94 30.72 NOTE
r-release-macos-arm64 0.1.4 NOTE
r-release-macos-x86_64 0.1.4 NOTE
r-release-windows-ix86+x86_64 0.1.4 6.00 38.00 44.00 NOTE
r-oldrel-macos-x86_64 0.1.4 OK
r-oldrel-windows-ix86+x86_64 0.1.4 5.00 40.00 45.00 OK

Check Details

Version: 0.1.4
Check: LazyData
Result: NOTE
     'LazyData' is specified without a 'data' directory
Flavors: r-devel-linux-x86_64-debian-clang, r-devel-linux-x86_64-debian-gcc, r-devel-linux-x86_64-fedora-clang, r-devel-linux-x86_64-fedora-gcc, r-devel-windows-x86_64-new-UL, r-devel-windows-x86_64-new-TK, r-devel-windows-x86_64-old, r-patched-linux-x86_64, r-release-linux-x86_64, r-release-macos-arm64, r-release-macos-x86_64, r-release-windows-ix86+x86_64