CRAN Package Check Results for Package testforDEP

Last updated on 2022-09-26 05:55:55 CEST.

Flavor Version Tinstall Tcheck Ttotal Status Flags
r-devel-linux-x86_64-debian-clang 0.2.0 65.10 126.98 192.08 OK
r-devel-linux-x86_64-debian-gcc 0.2.0 48.11 92.06 140.17 OK
r-devel-linux-x86_64-fedora-clang 0.2.0 253.36 NOTE
r-devel-linux-x86_64-fedora-gcc 0.2.0 238.46 NOTE
r-devel-windows-x86_64 0.2.0 216.00 157.00 373.00 OK
r-patched-linux-x86_64 0.2.0 41.57 115.27 156.84 OK
r-release-linux-x86_64 0.2.0 40.02 115.90 155.92 OK
r-release-macos-arm64 0.2.0 64.00 OK
r-release-macos-x86_64 0.2.0 103.00 OK
r-release-windows-x86_64 0.2.0 70.00 164.00 234.00 OK
r-oldrel-macos-arm64 0.2.0 65.00 OK
r-oldrel-macos-x86_64 0.2.0 106.00 OK
r-oldrel-windows-ix86+x86_64 0.2.0 148.00 200.00 348.00 OK

Check Details

Version: 0.2.0
Check: compiled code
Result: NOTE
    File ‘testforDEP/libs/testforDEP.so’:
     Found no calls to: ‘R_registerRoutines’, ‘R_useDynamicSymbols’
    
    It is good practice to register native routines and to disable symbol
    search.
    
    See ‘Writing portable packages’ in the ‘Writing R Extensions’ manual.
Flavors: r-devel-linux-x86_64-fedora-clang, r-devel-linux-x86_64-fedora-gcc