CRAN Package Check Results for Package text2map

Last updated on 2021-12-03 05:52:15 CET.

Flavor Version Tinstall Tcheck Ttotal Status Flags
r-devel-linux-x86_64-debian-clang 0.1.1 16.86 154.68 171.54 OK
r-devel-linux-x86_64-debian-gcc 0.1.1 14.46 114.27 128.73 OK
r-devel-linux-x86_64-fedora-clang 0.1.1 228.66 NOTE
r-devel-linux-x86_64-fedora-gcc 0.1.1 208.18 NOTE
r-devel-windows-x86_64-new-UL 0.1.1 33.00 260.00 293.00 OK
r-devel-windows-x86_64-new-TK 0.1.1 NOTE
r-devel-windows-x86_64-old 0.1.1 27.00 200.00 227.00 OK
r-patched-linux-x86_64 0.1.1 16.51 143.39 159.90 OK
r-patched-solaris-x86 0.1.1 6.20 ERROR
r-release-linux-x86_64 0.1.1 16.68 141.85 158.53 OK
r-release-macos-arm64 0.1.1 NOTE
r-release-macos-x86_64 0.1.1 NOTE
r-release-windows-ix86+x86_64 0.1.1 40.00 267.00 307.00 OK
r-oldrel-macos-x86_64 0.1.1 WARN
r-oldrel-windows-ix86+x86_64 0.1.1 41.00 252.00 293.00 WARN

Check Details

Version: 0.1.1
Check: data for non-ASCII characters
Result: NOTE
     Note: found 3 marked UTF-8 strings
Flavors: r-devel-linux-x86_64-fedora-clang, r-devel-linux-x86_64-fedora-gcc, r-devel-windows-x86_64-new-TK, r-release-macos-arm64, r-release-macos-x86_64, r-oldrel-macos-x86_64

Version: 0.1.1
Check: package dependencies
Result: ERROR
    Package required but not available: ‘mlpack’
    
    See section ‘The DESCRIPTION file’ in the ‘Writing R Extensions’
    manual.
Flavor: r-patched-solaris-x86

Version: 0.1.1
Check: for unstated dependencies in examples
Result: WARN
    Warning: parse error in file 'lines':
    19: unexpected '>'
    136: ## No test:
    137: dtm <- my.corpus |>
     ^
Flavor: r-oldrel-macos-x86_64

Version: 0.1.1
Check: for unstated dependencies in examples
Result: WARN
    Warning: parse error in file 'lines':
    19: unexpected '>'
    137: ## No test:
    138: dtm <- my.corpus |>
     ^
Flavor: r-oldrel-windows-ix86+x86_64