Last updated on 2022-08-12 05:53:01 CEST.
Flavor | Version | Tinstall | Tcheck | Ttotal | Status | Flags |
---|---|---|---|---|---|---|
r-devel-linux-x86_64-debian-clang | 1.1.7 | 135.08 | 153.33 | 288.41 | OK | |
r-devel-linux-x86_64-debian-gcc | 1.1.7 | 111.46 | 123.61 | 235.07 | OK | |
r-devel-linux-x86_64-fedora-clang | 1.1.7 | 420.52 | NOTE | |||
r-devel-linux-x86_64-fedora-gcc | 1.1.7 | 393.37 | OK | |||
r-devel-windows-x86_64 | 1.1.7 | 153.00 | 198.00 | 351.00 | OK | |
r-patched-linux-x86_64 | 1.1.7 | 121.55 | 148.37 | 269.92 | OK | |
r-release-linux-x86_64 | 1.1.7 | 120.50 | 148.33 | 268.83 | OK | |
r-release-macos-arm64 | 1.1.7 | 121.00 | NOTE | |||
r-release-macos-x86_64 | 1.1.7 | 131.00 | NOTE | |||
r-release-windows-x86_64 | 1.1.7 | 139.00 | 204.00 | 343.00 | OK | |
r-oldrel-macos-arm64 | 1.1.7 | 104.00 | NOTE | |||
r-oldrel-macos-x86_64 | 1.1.7 | 132.00 | NOTE | |||
r-oldrel-windows-ix86+x86_64 | 1.1.7 | 291.00 | 238.00 | 529.00 | NOTE |
Version: 1.1.7
Check: installed package size
Result: NOTE
installed size is 11.8Mb
sub-directories of 1Mb or more:
libs 10.2Mb
Flavors: r-devel-linux-x86_64-fedora-clang, r-release-macos-arm64, r-release-macos-x86_64, r-oldrel-macos-arm64, r-oldrel-macos-x86_64, r-oldrel-windows-ix86+x86_64