CRAN Package Check Results for Package textreadr

Last updated on 2019-08-25 05:47:01 CEST.

Flavor Version Tinstall Tcheck Ttotal Status Flags
r-devel-linux-x86_64-debian-clang 0.9.0 3.21 33.06 36.27 OK
r-devel-linux-x86_64-debian-gcc 0.9.0 2.76 24.66 27.42 OK
r-devel-linux-x86_64-fedora-clang 0.9.0 41.44 OK
r-devel-linux-x86_64-fedora-gcc 0.9.0 40.44 OK
r-devel-windows-ix86+x86_64 0.9.0 9.00 68.00 77.00 OK
r-patched-linux-x86_64 0.9.0 3.00 30.75 33.75 OK
r-patched-solaris-x86 0.9.0 66.80 NOTE
r-release-linux-x86_64 0.9.0 3.22 30.06 33.28 OK
r-release-windows-ix86+x86_64 0.9.0 15.00 69.00 84.00 OK
r-release-osx-x86_64 0.9.0 OK
r-oldrel-windows-ix86+x86_64 0.9.0 10.00 79.00 89.00 OK
r-oldrel-osx-x86_64 0.9.0 OK

Check Details

Version: 0.9.0
Check: package dependencies
Result: NOTE
    Package suggested but not available for checking: ‘tesseract’
Flavor: r-patched-solaris-x86

Version: 0.9.0
Check: Rd cross-references
Result: NOTE
    Package unavailable to check Rd xrefs: ‘tesseract’
Flavor: r-patched-solaris-x86