CRAN Package Check Results for Package textshape

Last updated on 2024-07-24 06:57:30 CEST.

Flavor Version Tinstall Tcheck Ttotal Status Flags
r-devel-linux-x86_64-debian-clang 1.7.5 3.41 42.85 46.26 OK
r-devel-linux-x86_64-debian-gcc 1.7.5 3.04 31.34 34.38 OK
r-devel-linux-x86_64-fedora-clang 1.7.5 62.38 NOTE
r-devel-linux-x86_64-fedora-gcc 1.7.5 54.40 OK
r-devel-windows-x86_64 1.7.5 5.00 59.00 64.00 OK
r-patched-linux-x86_64 1.7.5 4.20 39.47 43.67 OK
r-release-linux-x86_64 1.7.5 4.06 41.06 45.12 OK
r-release-macos-arm64 1.7.5 20.00 OK
r-release-macos-x86_64 1.7.5 30.00 OK
r-release-windows-x86_64 1.7.5 7.00 58.00 65.00 OK
r-oldrel-macos-arm64 1.7.5 38.00 OK
r-oldrel-macos-x86_64 1.7.5 72.00 OK
r-oldrel-windows-x86_64 1.7.5 5.00 63.00 68.00 OK

Check Details

Version: 1.7.5
Check: Rd cross-references
Result: NOTE Undeclared package ‘tm’ in Rd xrefs Flavor: r-devel-linux-x86_64-fedora-clang