CRAN Package Check Results for Package tidyLPA

Last updated on 2019-09-22 05:46:25 CEST.

Flavor Version Tinstall Tcheck Ttotal Status Flags
r-devel-linux-x86_64-debian-clang 1.0.4 7.04 113.61 120.65 OK
r-devel-linux-x86_64-debian-gcc 1.0.4 6.02 84.35 90.37 OK
r-devel-linux-x86_64-fedora-clang 1.0.4 163.85 NOTE
r-devel-linux-x86_64-fedora-gcc 1.0.4 145.25 NOTE
r-devel-windows-ix86+x86_64 1.0.4 39.00 193.00 232.00 OK
r-patched-linux-x86_64 1.0.4 6.52 112.16 118.68 OK
r-patched-solaris-x86 1.0.4 229.80 NOTE
r-release-linux-x86_64 1.0.4 6.71 110.98 117.69 OK
r-release-windows-ix86+x86_64 1.0.4 18.00 142.00 160.00 OK
r-release-osx-x86_64 1.0.4 NOTE
r-oldrel-windows-ix86+x86_64 1.0.4 11.00 140.00 151.00 OK
r-oldrel-osx-x86_64 1.0.4 NOTE

Check Details

Version: 1.0.4
Check: dependencies in R code
Result: NOTE
    Namespace in Imports field not imported from: ‘mix’
     All declared Imports should be used.
Flavors: r-devel-linux-x86_64-fedora-clang, r-devel-linux-x86_64-fedora-gcc, r-patched-solaris-x86, r-release-osx-x86_64, r-oldrel-osx-x86_64