CRAN Package Check Results for Package tidycharts

Last updated on 2021-11-28 05:49:49 CET.

Flavor Version Tinstall Tcheck Ttotal Status Flags
r-devel-linux-x86_64-debian-clang 0.1.2 OK
r-devel-linux-x86_64-debian-gcc 0.1.2 5.09 46.10 51.19 OK
r-devel-linux-x86_64-fedora-clang 0.1.2 94.69 NOTE
r-devel-linux-x86_64-fedora-gcc 0.1.2 78.58 NOTE
r-devel-windows-x86_64-new-UL 0.1.2 20.00 120.00 140.00 OK
r-devel-windows-x86_64-new-TK 0.1.2 NOTE
r-devel-windows-x86_64-old 0.1.2 8.00 90.00 98.00 OK
r-patched-linux-x86_64 0.1.2 6.17 60.49 66.66 OK
r-release-linux-x86_64 0.1.2 5.00 60.77 65.77 OK
r-release-macos-arm64 0.1.2 NOTE
r-release-macos-x86_64 0.1.2 NOTE
r-release-windows-ix86+x86_64 0.1.2 12.00 61.00 73.00 OK
r-oldrel-macos-x86_64 0.1.2 NOTE
r-oldrel-windows-ix86+x86_64 0.1.2 11.00 92.00 103.00 OK

Check Details

Version: 0.1.2
Check: dependencies in R code
Result: NOTE
    Namespaces in Imports field not imported from:
     ‘dplyr’ ‘rsvg’
     All declared Imports should be used.
Flavors: r-devel-linux-x86_64-fedora-clang, r-devel-linux-x86_64-fedora-gcc, r-devel-windows-x86_64-new-TK, r-release-macos-arm64, r-release-macos-x86_64, r-oldrel-macos-x86_64