CRAN Package Check Results for Package tidyquery

Last updated on 2021-12-07 05:55:21 CET.

Flavor Version Tinstall Tcheck Ttotal Status Flags
r-devel-linux-x86_64-debian-clang 0.2.3 6.31 108.45 114.76 OK
r-devel-linux-x86_64-debian-gcc 0.2.3 4.93 81.54 86.47 OK
r-devel-linux-x86_64-fedora-clang 0.2.3 136.25 OK
r-devel-linux-x86_64-fedora-gcc 0.2.3 129.17 OK
r-devel-windows-x86_64-new-UL 0.2.3 12.00 116.00 128.00 OK
r-devel-windows-x86_64-new-TK 0.2.3 OK
r-devel-windows-x86_64-old 0.2.3 10.00 112.00 122.00 OK
r-patched-linux-x86_64 0.2.3 5.76 103.24 109.00 OK
r-release-linux-x86_64 0.2.3 5.47 102.94 108.41 OK
r-release-macos-arm64 0.2.3 OK
r-release-macos-x86_64 0.2.3 OK
r-release-windows-ix86+x86_64 0.2.3 12.00 138.00 150.00 OK
r-oldrel-macos-x86_64 0.2.3 OK
r-oldrel-windows-ix86+x86_64 0.2.3 2.00 7.00 9.00 ERROR

Check Details

Version: 0.2.3
Check: whether package can be installed
Result: ERROR
    Installation failed.
Flavor: r-oldrel-windows-ix86+x86_64