CRAN Package Check Results for Package tidytuesdayR

Last updated on 2021-11-28 05:49:49 CET.

Flavor Version Tinstall Tcheck Ttotal Status Flags
r-devel-linux-x86_64-debian-clang 1.0.1 NOTE
r-devel-linux-x86_64-debian-gcc 1.0.1 6.06 46.46 52.52 NOTE
r-devel-linux-x86_64-fedora-clang 1.0.1 95.95 NOTE
r-devel-linux-x86_64-fedora-gcc 1.0.1 78.54 NOTE
r-devel-windows-x86_64-new-UL 1.0.1 16.00 101.00 117.00 NOTE
r-devel-windows-x86_64-new-TK 1.0.1 NOTE
r-devel-windows-x86_64-old 1.0.1 9.00 88.00 97.00 NOTE
r-patched-linux-x86_64 1.0.1 7.61 57.70 65.31 NOTE
r-patched-solaris-x86 1.0.1 109.80 NOTE
r-release-linux-x86_64 1.0.1 7.01 58.04 65.05 NOTE
r-release-macos-arm64 1.0.1 NOTE
r-release-macos-x86_64 1.0.1 NOTE
r-release-windows-ix86+x86_64 1.0.1 17.00 62.00 79.00 NOTE
r-oldrel-macos-x86_64 1.0.1 OK
r-oldrel-windows-ix86+x86_64 1.0.1 35.00 90.00 125.00 OK

Check Details

Version: 1.0.1
Check: LazyData
Result: NOTE
     'LazyData' is specified without a 'data' directory
Flavors: r-devel-linux-x86_64-debian-clang, r-devel-linux-x86_64-debian-gcc, r-devel-linux-x86_64-fedora-clang, r-devel-linux-x86_64-fedora-gcc, r-devel-windows-x86_64-new-UL, r-devel-windows-x86_64-new-TK, r-devel-windows-x86_64-old, r-patched-linux-x86_64, r-patched-solaris-x86, r-release-linux-x86_64, r-release-macos-arm64, r-release-macos-x86_64, r-release-windows-ix86+x86_64