CRAN Package Check Results for Package tidyxl

Last updated on 2019-05-22 05:48:40 CEST.

Flavor Version Tinstall Tcheck Ttotal Status Flags
r-devel-linux-x86_64-debian-clang 1.0.4 146.56 45.13 191.69 WARN
r-devel-linux-x86_64-debian-gcc 1.0.4 115.32 36.23 151.55 OK
r-devel-linux-x86_64-fedora-clang 1.0.4 321.73 WARN
r-devel-linux-x86_64-fedora-gcc 1.0.4 256.71 OK
r-devel-windows-ix86+x86_64 1.0.4 291.00 130.00 421.00 OK
r-patched-linux-x86_64 1.0.4 141.03 44.96 185.99 OK
r-patched-solaris-x86 1.0.4 242.40 OK
r-release-linux-x86_64 1.0.4 142.15 44.57 186.72 OK
r-release-windows-ix86+x86_64 1.0.4 418.00 91.00 509.00 OK
r-release-osx-x86_64 1.0.4 WARN
r-oldrel-windows-ix86+x86_64 1.0.4 287.00 82.00 369.00 OK
r-oldrel-osx-x86_64 1.0.4 WARN

Check Details

Version: 1.0.4
Check: whether package can be installed
Result: WARN
    Found the following significant warnings:
     ref.cpp:24:14: warning: explicitly assigning value of variable of type 'std::string::const_iterator' (aka '__normal_iterator<const char *, std::__cxx11::basic_string<char> >') to itself [-Wself-assign-overloaded]
     ref.cpp:35:14: warning: explicitly assigning value of variable of type 'std::string::const_iterator' (aka '__normal_iterator<const char *, std::__cxx11::basic_string<char> >') to itself [-Wself-assign-overloaded]
     ref.cpp:50:16: warning: explicitly assigning value of variable of type 'std::string::const_iterator' (aka '__normal_iterator<const char *, std::__cxx11::basic_string<char> >') to itself [-Wself-assign-overloaded]
     ref.cpp:61:16: warning: explicitly assigning value of variable of type 'std::string::const_iterator' (aka '__normal_iterator<const char *, std::__cxx11::basic_string<char> >') to itself [-Wself-assign-overloaded]
Flavor: r-devel-linux-x86_64-debian-clang

Version: 1.0.4
Check: compiled code
Result: WARN
    File 'tidyxl/libs/tidyxl.so':
     Found 'abort', possibly from 'abort' (C)
     Object: 'xlex.o'
    
    Compiled code should not call entry points which might terminate R nor
    write to stdout/stderr instead of to the console, nor use Fortran I/O
    nor system RNGs.
    
    See 'Writing portable packages' in the 'Writing R Extensions' manual.
Flavors: r-devel-linux-x86_64-debian-clang, r-devel-linux-x86_64-fedora-clang

Version: 1.0.4
Check: whether package can be installed
Result: WARN
    Found the following significant warnings:
     ref.cpp:24:14: warning: explicitly assigning value of variable of type 'std::string::const_iterator' (aka '__wrap_iter<const char *>') to itself [-Wself-assign-overloaded]
     ref.cpp:35:14: warning: explicitly assigning value of variable of type 'std::string::const_iterator' (aka '__wrap_iter<const char *>') to itself [-Wself-assign-overloaded]
     ref.cpp:50:16: warning: explicitly assigning value of variable of type 'std::string::const_iterator' (aka '__wrap_iter<const char *>') to itself [-Wself-assign-overloaded]
     ref.cpp:61:16: warning: explicitly assigning value of variable of type 'std::string::const_iterator' (aka '__wrap_iter<const char *>') to itself [-Wself-assign-overloaded]
Flavors: r-devel-linux-x86_64-fedora-clang, r-release-osx-x86_64

Version: 1.0.4
Check: installed package size
Result: NOTE
     installed size is 9.4Mb
     sub-directories of 1Mb or more:
     libs 8.4Mb
Flavors: r-devel-linux-x86_64-fedora-clang, r-release-osx-x86_64, r-oldrel-osx-x86_64

Version: 1.0.4
Check: compiled code
Result: WARN
    File ‘tidyxl/libs/tidyxl.so’:
     Found ‘_abort’, possibly from ‘abort’ (C)
     Object: ‘xlex.o’
    
    Compiled code should not call entry points which might terminate R nor
    write to stdout/stderr instead of to the console, nor use Fortran I/O
    nor system RNGs.
    
    See ‘Writing portable packages’ in the ‘Writing R Extensions’ manual.
Flavors: r-release-osx-x86_64, r-oldrel-osx-x86_64