CRAN Package Check Results for Package tidyxl

Last updated on 2019-08-25 05:47:01 CEST.

Flavor Version Tinstall Tcheck Ttotal Status Flags
r-devel-linux-x86_64-debian-clang 1.0.4 145.03 45.55 190.58 WARN
r-devel-linux-x86_64-debian-gcc 1.0.4 112.95 35.98 148.93 OK
r-devel-linux-x86_64-fedora-clang 1.0.4 303.32 WARN
r-devel-linux-x86_64-fedora-gcc 1.0.4 286.84 OK
r-devel-windows-ix86+x86_64 1.0.4 303.00 90.00 393.00 OK
r-patched-linux-x86_64 1.0.4 129.17 44.68 173.85 OK
r-patched-solaris-x86 1.0.4 246.90 OK
r-release-linux-x86_64 1.0.4 125.96 44.47 170.43 OK
r-release-windows-ix86+x86_64 1.0.4 419.00 146.00 565.00 OK
r-release-osx-x86_64 1.0.4 WARN
r-oldrel-windows-ix86+x86_64 1.0.4 407.00 126.00 533.00 OK
r-oldrel-osx-x86_64 1.0.4 WARN

Check Details

Version: 1.0.4
Check: whether package can be installed
Result: WARN
    Found the following significant warnings:
     ref.cpp:24:14: warning: explicitly assigning value of variable of type 'std::string::const_iterator' (aka '__normal_iterator<const char *, std::__cxx11::basic_string<char> >') to itself [-Wself-assign-overloaded]
     ref.cpp:35:14: warning: explicitly assigning value of variable of type 'std::string::const_iterator' (aka '__normal_iterator<const char *, std::__cxx11::basic_string<char> >') to itself [-Wself-assign-overloaded]
     ref.cpp:50:16: warning: explicitly assigning value of variable of type 'std::string::const_iterator' (aka '__normal_iterator<const char *, std::__cxx11::basic_string<char> >') to itself [-Wself-assign-overloaded]
     ref.cpp:61:16: warning: explicitly assigning value of variable of type 'std::string::const_iterator' (aka '__normal_iterator<const char *, std::__cxx11::basic_string<char> >') to itself [-Wself-assign-overloaded]
Flavor: r-devel-linux-x86_64-debian-clang

Version: 1.0.4
Check: compiled code
Result: WARN
    File 'tidyxl/libs/tidyxl.so':
     Found 'abort', possibly from 'abort' (C)
     Object: 'xlex.o'
    
    Compiled code should not call entry points which might terminate R nor
    write to stdout/stderr instead of to the console, nor use Fortran I/O
    nor system RNGs.
    
    See 'Writing portable packages' in the 'Writing R Extensions' manual.
Flavors: r-devel-linux-x86_64-debian-clang, r-devel-linux-x86_64-fedora-clang

Version: 1.0.4
Check: whether package can be installed
Result: WARN
    Found the following significant warnings:
     ref.cpp:24:14: warning: explicitly assigning value of variable of type 'std::string::const_iterator' (aka '__wrap_iter<const char *>') to itself [-Wself-assign-overloaded]
     ref.cpp:35:14: warning: explicitly assigning value of variable of type 'std::string::const_iterator' (aka '__wrap_iter<const char *>') to itself [-Wself-assign-overloaded]
     ref.cpp:50:16: warning: explicitly assigning value of variable of type 'std::string::const_iterator' (aka '__wrap_iter<const char *>') to itself [-Wself-assign-overloaded]
     ref.cpp:61:16: warning: explicitly assigning value of variable of type 'std::string::const_iterator' (aka '__wrap_iter<const char *>') to itself [-Wself-assign-overloaded]
Flavors: r-devel-linux-x86_64-fedora-clang, r-release-osx-x86_64

Version: 1.0.4
Check: installed package size
Result: NOTE
     installed size is 10.1Mb
     sub-directories of 1Mb or more:
     libs 9.1Mb
Flavors: r-devel-linux-x86_64-fedora-clang, r-release-osx-x86_64, r-oldrel-osx-x86_64

Version: 1.0.4
Check: compiled code
Result: WARN
    File ‘tidyxl/libs/tidyxl.so’:
     Found ‘_abort’, possibly from ‘abort’ (C)
     Object: ‘xlex.o’
    
    Compiled code should not call entry points which might terminate R nor
    write to stdout/stderr instead of to the console, nor use Fortran I/O
    nor system RNGs.
    
    See ‘Writing portable packages’ in the ‘Writing R Extensions’ manual.
Flavors: r-release-osx-x86_64, r-oldrel-osx-x86_64