CRAN Package Check Results for Package tilegramsR

Last updated on 2022-05-27 05:53:10 CEST.

Flavor Version Tinstall Tcheck Ttotal Status Flags
r-devel-linux-x86_64-debian-clang 0.2.0 5.32 77.34 82.66 OK
r-devel-linux-x86_64-debian-gcc 0.2.0 3.80 58.65 62.45 OK
r-devel-linux-x86_64-fedora-clang 0.2.0 97.11 NOTE
r-devel-linux-x86_64-fedora-gcc 0.2.0 83.39 NOTE
r-devel-windows-x86_64 0.2.0 78.00 99.00 177.00 OK
r-patched-linux-x86_64 0.2.0 5.28 73.32 78.60 OK
r-release-linux-x86_64 0.2.0 5.07 73.20 78.27 OK
r-release-macos-arm64 0.2.0 26.00 NOTE
r-release-macos-x86_64 0.2.0 41.00 NOTE
r-release-windows-x86_64 0.2.0 61.00 100.00 161.00 OK
r-oldrel-macos-arm64 0.2.0 33.00 NOTE
r-oldrel-macos-x86_64 0.2.0 51.00 NOTE
r-oldrel-windows-ix86+x86_64 0.2.0 18.00 89.00 107.00 OK

Check Details

Version: 0.2.0
Check: dependencies in R code
Result: NOTE
    Namespace in Imports field not imported from: ‘sp’
     All declared Imports should be used.
Flavors: r-devel-linux-x86_64-fedora-clang, r-devel-linux-x86_64-fedora-gcc, r-release-macos-arm64, r-release-macos-x86_64, r-oldrel-macos-arm64, r-oldrel-macos-x86_64

Version: 0.2.0
Check: data for non-ASCII characters
Result: NOTE
     Note: found 341 marked UTF-8 strings
Flavors: r-devel-linux-x86_64-fedora-clang, r-devel-linux-x86_64-fedora-gcc, r-release-macos-arm64, r-release-macos-x86_64, r-oldrel-macos-arm64, r-oldrel-macos-x86_64