CRAN Package Check Results for Package tinytex

Last updated on 2020-04-09 05:48:54 CEST.

Flavor Version Tinstall Tcheck Ttotal Status Flags
r-devel-linux-x86_64-debian-clang 0.21 2.88 25.85 28.73 OK
r-devel-linux-x86_64-debian-gcc 0.21 2.33 21.19 23.52 OK
r-devel-linux-x86_64-fedora-clang 0.21 46.46 OK
r-devel-linux-x86_64-fedora-gcc 0.21 42.15 OK
r-devel-windows-ix86+x86_64 0.21 6.00 52.00 58.00 OK
r-devel-windows-ix86+x86_64-gcc8 0.20 6.00 35.00 41.00 OK
r-patched-linux-x86_64 0.21 2.87 25.60 28.47 OK
r-patched-solaris-x86 0.21 70.00 OK
r-release-linux-x86_64 0.21 2.11 24.17 26.28 OK
r-release-windows-ix86+x86_64 0.21 5.00 37.00 42.00 OK
r-release-osx-x86_64 0.21 NOTE
r-oldrel-windows-ix86+x86_64 0.21 6.00 38.00 44.00 OK
r-oldrel-osx-x86_64 0.20 NOTE

Check Details

Version: 0.21
Check: dependencies in R code
Result: NOTE
    No protocol specified
    No protocol specified
Flavor: r-release-osx-x86_64

Version: 0.20
Check: dependencies in R code
Result: NOTE
    No protocol specified
    No protocol specified
Flavor: r-oldrel-osx-x86_64