Last updated on 2022-08-11 05:54:43 CEST.
Flavor | Version | Tinstall | Tcheck | Ttotal | Status | Flags |
---|---|---|---|---|---|---|
r-devel-linux-x86_64-debian-clang | 0.0.6 | 192.09 | 161.80 | 353.89 | NOTE | |
r-devel-linux-x86_64-debian-gcc | 0.0.6 | 149.05 | 125.98 | 275.03 | NOTE | |
r-devel-linux-x86_64-fedora-clang | 0.0.6 | 469.61 | NOTE | |||
r-devel-linux-x86_64-fedora-gcc | 0.0.6 | 523.12 | NOTE | |||
r-devel-windows-x86_64 | 0.0.6 | 213.00 | 231.00 | 444.00 | NOTE | |
r-patched-linux-x86_64 | 0.0.6 | 166.33 | 162.02 | 328.35 | NOTE | |
r-release-linux-x86_64 | 0.0.6 | NOTE | ||||
r-release-macos-arm64 | 0.0.6 | 108.00 | NOTE | |||
r-release-macos-x86_64 | 0.0.6 | 177.00 | NOTE | |||
r-release-windows-x86_64 | 0.0.6 | 227.00 | 240.00 | 467.00 | NOTE | |
r-oldrel-macos-arm64 | 0.0.6 | 97.00 | NOTE | |||
r-oldrel-macos-x86_64 | 0.0.6 | 175.00 | NOTE | |||
r-oldrel-windows-ix86+x86_64 | 0.0.6 | 348.00 | 287.00 | 635.00 | NOTE |
Version: 0.0.6
Check: for GNU extensions in Makefiles
Result: NOTE
GNU make is a SystemRequirements.
Flavors: r-devel-linux-x86_64-debian-clang, r-devel-linux-x86_64-debian-gcc, r-devel-linux-x86_64-fedora-clang, r-devel-linux-x86_64-fedora-gcc, r-devel-windows-x86_64, r-patched-linux-x86_64, r-release-linux-x86_64, r-release-macos-arm64, r-release-macos-x86_64, r-release-windows-x86_64, r-oldrel-macos-arm64, r-oldrel-macos-x86_64, r-oldrel-windows-ix86+x86_64
Version: 0.0.6
Check: installed package size
Result: NOTE
installed size is 7.2Mb
sub-directories of 1Mb or more:
doc 2.3Mb
libs 2.9Mb
Flavors: r-devel-linux-x86_64-fedora-clang, r-devel-windows-x86_64, r-release-macos-arm64, r-release-macos-x86_64, r-release-windows-x86_64, r-oldrel-macos-arm64, r-oldrel-macos-x86_64, r-oldrel-windows-ix86+x86_64
Version: 0.0.6
Check: dependencies in R code
Result: NOTE
Namespaces in Imports field not imported from:
‘RcppParallel’ ‘callr’ ‘maptools’ ‘rgeos’ ‘rstantools’ ‘sp’
All declared Imports should be used.
Flavors: r-devel-linux-x86_64-fedora-clang, r-devel-linux-x86_64-fedora-gcc, r-release-macos-arm64, r-release-macos-x86_64, r-oldrel-macos-arm64, r-oldrel-macos-x86_64
Version: 0.0.6
Check: data for non-ASCII characters
Result: NOTE
Note: found 1 marked UTF-8 string
Flavors: r-devel-linux-x86_64-fedora-clang, r-devel-linux-x86_64-fedora-gcc, r-release-macos-arm64, r-release-macos-x86_64, r-oldrel-macos-arm64, r-oldrel-macos-x86_64