Last updated on 2022-05-28 05:53:21 CEST.
Flavor | Version | Tinstall | Tcheck | Ttotal | Status | Flags |
---|---|---|---|---|---|---|
r-devel-linux-x86_64-debian-clang | 1.0.4 | 110.65 | 141.18 | 251.83 | NOTE | |
r-devel-linux-x86_64-debian-gcc | 1.0.4 | 104.62 | 111.16 | 215.78 | NOTE | |
r-devel-linux-x86_64-fedora-clang | 1.0.4 | 314.02 | NOTE | |||
r-devel-linux-x86_64-fedora-gcc | 1.0.4 | 359.23 | NOTE | |||
r-devel-windows-x86_64 | 1.0.4 | 86.00 | 177.00 | 263.00 | NOTE | |
r-patched-linux-x86_64 | 1.0.4 | 101.61 | 140.25 | 241.86 | NOTE | |
r-release-linux-x86_64 | 1.0.4 | 100.22 | 142.25 | 242.47 | NOTE | |
r-release-macos-arm64 | 1.0.4 | 86.00 | NOTE | |||
r-release-macos-x86_64 | 1.0.4 | 159.00 | NOTE | |||
r-release-windows-x86_64 | 1.0.4 | 82.00 | 182.00 | 264.00 | NOTE | |
r-oldrel-macos-arm64 | 1.0.4 | 84.00 | NOTE | |||
r-oldrel-macos-x86_64 | 1.0.4 | 111.00 | NOTE | |||
r-oldrel-windows-ix86+x86_64 | 1.0.4 | 266.00 | 228.00 | 494.00 | NOTE |
Version: 1.0.4
Check: for GNU extensions in Makefiles
Result: NOTE
GNU make is a SystemRequirements.
Flavors: r-devel-linux-x86_64-debian-clang, r-devel-linux-x86_64-debian-gcc, r-devel-linux-x86_64-fedora-clang, r-devel-linux-x86_64-fedora-gcc, r-devel-windows-x86_64, r-patched-linux-x86_64, r-release-linux-x86_64, r-release-macos-arm64, r-release-macos-x86_64, r-release-windows-x86_64, r-oldrel-macos-arm64, r-oldrel-macos-x86_64, r-oldrel-windows-ix86+x86_64
Version: 1.0.4
Check: installed package size
Result: NOTE
installed size is 19.7Mb
sub-directories of 1Mb or more:
libs 19.4Mb
Flavors: r-devel-linux-x86_64-fedora-clang, r-release-macos-arm64, r-release-macos-x86_64, r-oldrel-macos-arm64, r-oldrel-macos-x86_64