CRAN Package Check Results for Package topoDistance

Last updated on 2019-10-23 05:46:43 CEST.

Flavor Version Tinstall Tcheck Ttotal Status Flags
r-devel-linux-x86_64-debian-clang 1.0.1 17.01 176.45 193.46 OK
r-devel-linux-x86_64-debian-gcc 1.0.1 13.84 135.24 149.08 OK
r-devel-linux-x86_64-fedora-clang 1.0.1 225.52 NOTE
r-devel-linux-x86_64-fedora-gcc 1.0.1 223.78 NOTE
r-devel-windows-ix86+x86_64 1.0.1 36.00 246.00 282.00 OK
r-patched-linux-x86_64 1.0.1 15.16 168.99 184.15 OK
r-patched-solaris-x86 1.0.1 361.60 NOTE
r-release-linux-x86_64 1.0.1 12.42 168.34 180.76 OK
r-release-windows-ix86+x86_64 1.0.1 40.00 182.00 222.00 OK
r-release-osx-x86_64 1.0.1 NOTE
r-oldrel-windows-ix86+x86_64 1.0.1 26.00 250.00 276.00 OK
r-oldrel-osx-x86_64 1.0.1 WARN

Check Details

Version: 1.0.1
Check: dependencies in R code
Result: NOTE
    Namespace in Imports field not imported from: ‘igraph’
     All declared Imports should be used.
Flavors: r-devel-linux-x86_64-fedora-clang, r-devel-linux-x86_64-fedora-gcc, r-patched-solaris-x86, r-release-osx-x86_64, r-oldrel-osx-x86_64

Version: 1.0.1
Check: re-building of vignette outputs
Result: WARN
    Error in re-building vignettes:
     ...
     6: withVisible(eval(expr, envir, enclos))
     7: withCallingHandlers(withVisible(eval(expr, envir, enclos)), warning = wHandler, error = eHandler, message = mHandler)
     8: handle(ev <- withCallingHandlers(withVisible(eval(expr, envir, enclos)), warning = wHandler, error = eHandler, message = mHandler))
     9: timing_fn(handle(ev <- withCallingHandlers(withVisible(eval(expr, envir, enclos)), warning = wHandler, error = eHandler, message = mHandler)))
    10: evaluate_call(expr, parsed$src[[i]], envir = envir, enclos = enclos, debug = debug, last = i == length(out), use_try = stop_on_error != 2L, keep_warning = keep_warning, keep_message = keep_message, output_handler = output_handler, include_timing = include_timing)
    11: evaluate::evaluate(...)
    12: evaluate(code, envir = env, new_device = FALSE, keep_warning = !isFALSE(options$warning), keep_message = !isFALSE(options$message), stop_on_error = if (options$error && options$include) 0L else 2L, output_handler = knit_handlers(options$render, options))
    13: in_dir(input_dir(), evaluate(code, envir = env, new_device = FALSE, keep_warning = !isFALSE(options$warning), keep_message = !isFALSE(options$message), stop_on_error = if (options$error && options$include) 0L else 2L, output_handler = knit_handlers(options$render, options)))
    14: block_exec(params)
    15: call_block(x)
    16: process_group.block(group)
    17: process_group(group)
    18: withCallingHandlers(if (tangle) process_tangle(group) else process_group(group), error = function(e) { setwd(wd) cat(res, sep = "\n", file = output %n% "") message("Quitting from lines ", paste(current_lines(i), collapse = "-"), " (", knit_concord$get("infile"), ") ") })
    19: process_file(text, output)
    20: knit(input, text = text, envir = envir, quiet = quiet)
    21: knit2html(..., force_v1 = TRUE)
    22: (if (grepl("\\.[Rr]md$", file)) knit2html_v1 else if (grepl("\\.[Rr]rst$", file)) knit2pandoc else knit)(file, encoding = encoding, quiet = quiet, envir = globalenv(), ...)
    23: vweave(...)
    24: engine$weave(file, quiet = quiet, encoding = enc)
    25: doTryCatch(return(expr), name, parentenv, handler)
    26: tryCatchOne(expr, names, parentenv, handlers[[1L]])
    27: tryCatchList(expr, classes, parentenv, handlers)
    28: tryCatch({ engine$weave(file, quiet = quiet, encoding = enc) setwd(startdir) find_vignette_product(name, by = "weave", engine = engine)}, error = function(e) { stop(gettextf("processing vignette '%s' failed with diagnostics:\n%s", file, conditionMessage(e)), domain = NA, call. = FALSE)})
    29: buildVignettes(dir = "/Volumes/SSD-Data/Builds/R-dev-web/QA/Simon/packages/el-capitan-x86_64/results/3.5/topoDistance.Rcheck/vign_test/topoDistance")
    An irrecoverable exception occurred. R is aborting now ...
Flavor: r-oldrel-osx-x86_64