CRAN Package Check Results for Package topoDistance

Last updated on 2020-05-30 05:48:20 CEST.

Flavor Version Tinstall Tcheck Ttotal Status Flags
r-devel-linux-x86_64-debian-clang 1.0.1 16.29 196.97 213.26 OK
r-devel-linux-x86_64-debian-gcc 1.0.1 15.32 149.33 164.65 OK
r-devel-linux-x86_64-fedora-clang 1.0.1 266.43 NOTE
r-devel-linux-x86_64-fedora-gcc 1.0.1 256.37 NOTE
r-devel-windows-ix86+x86_64 1.0.1 44.00 229.00 273.00 OK
r-patched-linux-x86_64 1.0.1 15.67 191.24 206.91 OK
r-patched-solaris-x86 1.0.1 396.40 NOTE
r-release-linux-x86_64 1.0.1 17.66 194.34 212.00 OK
r-release-osx-x86_64 1.0.1 NOTE
r-release-windows-ix86+x86_64 1.0.1 39.00 216.00 255.00 OK
r-oldrel-osx-x86_64 1.0.1 NOTE
r-oldrel-windows-ix86+x86_64 1.0.1 32.00 188.00 220.00 OK

Check Details

Version: 1.0.1
Check: dependencies in R code
Result: NOTE
    Namespace in Imports field not imported from: ‘igraph’
     All declared Imports should be used.
Flavors: r-devel-linux-x86_64-fedora-clang, r-devel-linux-x86_64-fedora-gcc, r-patched-solaris-x86, r-release-osx-x86_64, r-oldrel-osx-x86_64