CRAN Package Check Results for Package topologyGSA

Last updated on 2022-09-26 05:55:56 CEST.

Flavor Version Tinstall Tcheck Ttotal Status Flags
r-devel-linux-x86_64-debian-clang 1.4.7 57.91 506.88 564.79 OK
r-devel-linux-x86_64-debian-gcc 1.4.7 53.18 386.01 439.19 OK
r-devel-linux-x86_64-fedora-clang 1.4.7 536.63 ERROR
r-devel-linux-x86_64-fedora-gcc 1.4.7 719.11 OK
r-devel-windows-x86_64 1.4.7 59.00 465.00 524.00 OK
r-patched-linux-x86_64 1.4.7 46.69 488.81 535.50 OK
r-release-linux-x86_64 1.4.7 45.95 479.63 525.58 OK
r-release-macos-arm64 1.4.7 5.00 ERROR
r-release-macos-x86_64 1.4.7 7.00 ERROR
r-release-windows-x86_64 1.4.7 70.00 475.00 545.00 OK
r-oldrel-macos-arm64 1.4.7 226.00 OK
r-oldrel-macos-x86_64 1.4.7 10.00 ERROR
r-oldrel-windows-ix86+x86_64 1.4.7 118.00 459.00 577.00 OK

Check Details

Version: 1.4.7
Check: examples
Result: ERROR
    Running examples in ‘topologyGSA-Ex.R’ failed
    The error most likely occurred in:
    
    > ### Name: clique.mean.test
    > ### Title: Comparison of all the cliques of a pathway.
    > ### Aliases: clique.mean.test
    >
    > ### ** Examples
    >
    > data(examples)
    >
    > clique.mean.test(y1, y2, dag_bcell, 0.05)
    Error: as(<dsCMatrix>, "dgCMatrix") is deprecated since Matrix 1.5-0; do as(., "generalMatrix") instead
    Execution halted
Flavor: r-devel-linux-x86_64-fedora-clang

Version: 1.4.7
Check: package dependencies
Result: ERROR
    Package required but not available: ‘qpgraph’
    
    See section ‘The DESCRIPTION file’ in the ‘Writing R Extensions’
    manual.
Flavors: r-release-macos-arm64, r-release-macos-x86_64, r-oldrel-macos-x86_64