CRAN Package Check Results for Package tor

Last updated on 2022-01-22 05:10:36 CET.

Flavor Version Tinstall Tcheck Ttotal Status Flags
r-devel-linux-x86_64-debian-clang 1.1.2 1.73 39.78 41.51 NOTE
r-devel-linux-x86_64-debian-gcc 1.1.2 1.78 30.99 32.77 NOTE
r-devel-linux-x86_64-fedora-clang 1.1.2 52.45 NOTE
r-devel-linux-x86_64-fedora-gcc 1.1.2 39.81 NOTE
r-devel-windows-x86_64-new-UL 1.1.2 16.00 59.00 75.00 NOTE
r-devel-windows-x86_64-new-TK 1.1.2 NOTE
r-patched-linux-x86_64 1.1.2 2.07 38.12 40.19 NOTE
r-release-linux-x86_64 1.1.2 1.88 37.65 39.53 NOTE
r-release-macos-arm64 1.1.2 NOTE
r-release-macos-x86_64 1.1.2 NOTE
r-release-windows-ix86+x86_64 1.1.2 5.00 49.00 54.00 NOTE
r-oldrel-macos-x86_64 1.1.2 OK
r-oldrel-windows-ix86+x86_64 1.1.2 6.00 52.00 58.00 OK

Check Details

Version: 1.1.2
Check: LazyData
Result: NOTE
     'LazyData' is specified without a 'data' directory
Flavors: r-devel-linux-x86_64-debian-clang, r-devel-linux-x86_64-debian-gcc, r-devel-linux-x86_64-fedora-clang, r-devel-linux-x86_64-fedora-gcc, r-devel-windows-x86_64-new-UL, r-devel-windows-x86_64-new-TK, r-patched-linux-x86_64, r-release-linux-x86_64, r-release-macos-arm64, r-release-macos-x86_64, r-release-windows-ix86+x86_64