CRAN Package Check Results for Package torchvision

Last updated on 2022-01-21 05:52:26 CET.

Flavor Version Tinstall Tcheck Ttotal Status Flags
r-devel-linux-x86_64-debian-clang 0.4.0 OK
r-devel-linux-x86_64-debian-gcc 0.4.0 5.05 44.28 49.33 OK
r-devel-linux-x86_64-fedora-clang 0.4.0 77.55 NOTE
r-devel-linux-x86_64-fedora-gcc 0.4.0 65.73 NOTE
r-devel-windows-x86_64-new-UL 0.4.0 114.00 81.00 195.00 OK
r-devel-windows-x86_64-new-TK 0.4.0 NOTE
r-patched-linux-x86_64 0.4.0 8.25 55.41 63.66 OK
r-release-linux-x86_64 0.4.0 4.37 54.13 58.50 OK
r-release-macos-arm64 0.4.0 NOTE
r-release-macos-x86_64 0.4.0 NOTE
r-release-windows-ix86+x86_64 0.4.0 12.00 70.00 82.00 OK
r-oldrel-macos-x86_64 0.4.0 NOTE
r-oldrel-windows-ix86+x86_64 0.4.0 17.00 74.00 91.00 OK

Check Details

Version: 0.4.0
Check: dependencies in R code
Result: NOTE
    Namespace in Imports field not imported from: ‘zip’
     All declared Imports should be used.
Flavors: r-devel-linux-x86_64-fedora-clang, r-devel-linux-x86_64-fedora-gcc, r-devel-windows-x86_64-new-TK, r-release-macos-arm64, r-release-macos-x86_64, r-oldrel-macos-x86_64