CRAN Package Check Results for Package tosca

Last updated on 2024-06-13 06:58:21 CEST.

Flavor Version Tinstall Tcheck Ttotal Status Flags
r-devel-linux-x86_64-debian-clang 0.3-2 12.90 113.10 126.00 NOTE
r-devel-linux-x86_64-debian-gcc 0.3-2 0.56 1.86 2.42 ERROR
r-devel-linux-x86_64-fedora-clang 0.3-2 161.58 NOTE
r-devel-linux-x86_64-fedora-gcc 0.3-2 173.64 NOTE
r-devel-windows-x86_64 0.3-2 11.00 137.00 148.00 NOTE
r-patched-linux-x86_64 0.3-2 18.49 109.90 128.39 NOTE
r-release-linux-x86_64 0.3-2 13.25 108.44 121.69 NOTE
r-release-macos-arm64 0.3-2 84.00 NOTE
r-release-macos-x86_64 0.3-2 118.00 NOTE
r-release-windows-x86_64 0.3-2 12.00 142.00 154.00 NOTE
r-oldrel-macos-arm64 0.3-2 83.00 NOTE
r-oldrel-macos-x86_64 0.3-2 110.00 NOTE
r-oldrel-windows-x86_64 0.3-2 14.00 155.00 169.00 NOTE

Check Details

Version: 0.3-2
Check: package dependencies
Result: NOTE Package suggested but not available for checking: ‘toscaData’ Flavors: r-devel-linux-x86_64-debian-clang, r-devel-linux-x86_64-fedora-clang, r-devel-linux-x86_64-fedora-gcc, r-devel-windows-x86_64, r-patched-linux-x86_64, r-release-linux-x86_64, r-release-macos-arm64, r-release-macos-x86_64, r-release-windows-x86_64, r-oldrel-macos-arm64, r-oldrel-macos-x86_64, r-oldrel-windows-x86_64

Version: 0.3-2
Check: package dependencies
Result: ERROR Packages required but not available: 'lubridate', 'stringr' Packages suggested but not available for checking: 'toscaData', 'testthat', 'devtools' See section ‘The DESCRIPTION file’ in the ‘Writing R Extensions’ manual. Flavor: r-devel-linux-x86_64-debian-gcc