CRAN Package Check Results for Package tracerer

Last updated on 2020-01-20 05:47:30 CET.

Flavor Version Tinstall Tcheck Ttotal Status Flags
r-devel-linux-x86_64-debian-clang 2.0.2 12.04 33.21 45.25 OK
r-devel-linux-x86_64-debian-gcc 2.0.2 8.45 26.68 35.13 OK
r-devel-linux-x86_64-fedora-clang 2.0.2 58.07 NOTE
r-devel-linux-x86_64-fedora-gcc 2.0.2 53.80 OK
r-devel-windows-ix86+x86_64 2.0.2 40.00 86.00 126.00 OK
r-devel-windows-ix86+x86_64-gcc8 2.0.2 28.00 86.00 114.00 OK
r-patched-linux-x86_64 2.0.2 9.69 30.58 40.27 OK
r-patched-solaris-x86 2.0.2 71.60 OK
r-release-linux-x86_64 2.0.2 9.30 29.64 38.94 OK
r-release-windows-ix86+x86_64 2.0.2 45.00 64.00 109.00 OK
r-release-osx-x86_64 2.0.2 OK
r-oldrel-windows-ix86+x86_64 2.0.2 21.00 56.00 77.00 OK
r-oldrel-osx-x86_64 2.0.2 OK

Check Details

Version: 2.0.2
Check: package dependencies
Result: NOTE
    Suggests orphaned package: ‘geiger’
Flavor: r-devel-linux-x86_64-fedora-clang