Last updated on 2022-08-12 05:53:01 CEST.
Flavor | Version | Tinstall | Tcheck | Ttotal | Status | Flags |
---|---|---|---|---|---|---|
r-devel-linux-x86_64-debian-clang | 1.2 | 20.65 | 136.90 | 157.55 | OK | |
r-devel-linux-x86_64-debian-gcc | 1.2 | 15.48 | 105.26 | 120.74 | OK | |
r-devel-linux-x86_64-fedora-clang | 1.2 | 205.40 | NOTE | |||
r-devel-linux-x86_64-fedora-gcc | 1.2 | 199.00 | NOTE | |||
r-devel-windows-x86_64 | 1.2 | 37.00 | 152.00 | 189.00 | OK | |
r-patched-linux-x86_64 | 1.2 | 18.29 | 130.95 | 149.24 | OK | |
r-release-linux-x86_64 | 1.2 | 14.43 | 132.25 | 146.68 | OK | |
r-release-macos-arm64 | 1.2 | 50.00 | NOTE | |||
r-release-macos-x86_64 | 1.2 | 80.00 | NOTE | |||
r-release-windows-x86_64 | 1.2 | 40.00 | 155.00 | 195.00 | OK | |
r-oldrel-macos-arm64 | 1.2 | 41.00 | NOTE | |||
r-oldrel-macos-x86_64 | 1.2 | 65.00 | NOTE | |||
r-oldrel-windows-ix86+x86_64 | 1.2 | 40.00 | 153.00 | 193.00 | OK |
Version: 1.2
Check: dependencies in R code
Result: NOTE
Namespaces in Imports field not imported from:
‘V8’ ‘colorspace’
All declared Imports should be used.
Flavors: r-devel-linux-x86_64-fedora-clang, r-devel-linux-x86_64-fedora-gcc, r-release-macos-arm64, r-release-macos-x86_64, r-oldrel-macos-arm64, r-oldrel-macos-x86_64