CRAN Package Check Results for Package trade

Last updated on 2019-06-26 06:47:47 CEST.

Flavor Version Tinstall Tcheck Ttotal Status Flags
r-devel-linux-x86_64-debian-clang 0.5.3 12.75 40.22 52.97 WARN
r-devel-linux-x86_64-debian-gcc 0.5.3 12.33 33.08 45.41 WARN
r-devel-linux-x86_64-fedora-clang 0.5.3 66.43 WARN
r-devel-linux-x86_64-fedora-gcc 0.5.3 64.70 WARN
r-devel-windows-ix86+x86_64 0.5.3 17.00 52.00 69.00 OK
r-patched-linux-x86_64 0.5.3 13.36 40.46 53.82 WARN
r-patched-solaris-x86 0.5.3 98.20 WARN
r-release-linux-x86_64 0.5.3 12.80 40.81 53.61 WARN
r-release-windows-ix86+x86_64 0.5.3 12.00 66.00 78.00 OK
r-release-osx-x86_64 0.5.3 OK
r-oldrel-windows-ix86+x86_64 0.5.3 19.00 52.00 71.00 WARN
r-oldrel-osx-x86_64 0.5.3 OK

Additional issues

noLD

Check Details

Version: 0.5.3
Check: Rd cross-references
Result: WARN
    Missing link or links in documentation object 'Quota-classes.Rd':
     'antitrust'
    
    Missing link or links in documentation object 'Tariff-classes.Rd':
     'antitrust'
    
    Missing link or links in documentation object 'cournot_tariff.Rd':
     'antitrust'
    
    See section 'Cross-references' in the 'Writing R Extensions' manual.
Flavors: r-devel-linux-x86_64-debian-clang, r-devel-linux-x86_64-debian-gcc, r-devel-linux-x86_64-fedora-clang, r-devel-linux-x86_64-fedora-gcc, r-patched-linux-x86_64, r-patched-solaris-x86, r-release-linux-x86_64, r-oldrel-windows-ix86+x86_64