CRAN Package Check Results for Package tramME

Last updated on 2020-11-28 05:51:21 CET.

Flavor Version Tinstall Tcheck Ttotal Status Flags
r-devel-linux-x86_64-debian-clang 0.0.3 164.86 343.58 508.44 OK
r-devel-linux-x86_64-debian-gcc 0.0.3 203.63 272.47 476.10 OK
r-devel-linux-x86_64-fedora-clang 0.0.3 588.65 NOTE
r-devel-linux-x86_64-fedora-gcc 0.0.3 591.68 OK
r-devel-windows-ix86+x86_64 0.0.3 222.00 489.00 711.00 NOTE
r-patched-linux-x86_64 0.0.3 225.03 350.59 575.62 OK
r-patched-solaris-x86 0.0.3 790.30 OK
r-release-linux-x86_64 0.0.3 222.06 343.68 565.74 OK
r-release-macos-x86_64 0.0.3 NOTE
r-release-windows-ix86+x86_64 0.0.3 172.00 422.00 594.00 NOTE
r-oldrel-macos-x86_64 0.0.3 NOTE
r-oldrel-windows-ix86+x86_64 0.0.3 213.00 482.00 695.00 NOTE

Check Details

Version: 0.0.3
Check: installed package size
Result: NOTE
     installed size is 33.4Mb
     sub-directories of 1Mb or more:
     libs 32.5Mb
Flavors: r-devel-linux-x86_64-fedora-clang, r-devel-windows-ix86+x86_64, r-release-macos-x86_64, r-release-windows-ix86+x86_64, r-oldrel-macos-x86_64, r-oldrel-windows-ix86+x86_64