CRAN Package Check Results for Package transport

Last updated on 2020-06-04 05:49:17 CEST.

Flavor Version Tinstall Tcheck Ttotal Status Flags
r-devel-linux-x86_64-debian-clang 0.12-2 88.23 69.69 157.92 OK
r-devel-linux-x86_64-debian-gcc 0.12-2 64.25 53.42 117.67 OK
r-devel-linux-x86_64-fedora-clang 0.12-2 244.94 NOTE
r-devel-linux-x86_64-fedora-gcc 0.12-2 194.30 OK
r-devel-windows-ix86+x86_64 0.12-2 235.00 159.00 394.00 OK
r-patched-linux-x86_64 0.12-2 74.21 68.46 142.67 OK
r-patched-solaris-x86 0.12-2 219.30 OK
r-release-linux-x86_64 0.12-2 71.51 68.72 140.23 OK
r-release-osx-x86_64 0.12-2 NOTE
r-release-windows-ix86+x86_64 0.12-2 168.00 155.00 323.00 OK
r-oldrel-osx-x86_64 0.12-2 NOTE
r-oldrel-windows-ix86+x86_64 0.12-2 216.00 124.00 340.00 OK

Check Details

Version: 0.12-2
Check: installed package size
Result: NOTE
     installed size is 6.5Mb
     sub-directories of 1Mb or more:
     libs 5.9Mb
Flavors: r-devel-linux-x86_64-fedora-clang, r-release-osx-x86_64, r-oldrel-osx-x86_64