CRAN Package Check Results for Package transport

Last updated on 2019-10-23 05:46:43 CEST.

Flavor Version Tinstall Tcheck Ttotal Status Flags
r-devel-linux-x86_64-debian-clang 0.12-1 82.31 61.06 143.37 OK
r-devel-linux-x86_64-debian-gcc 0.12-1 59.88 47.88 107.76 OK
r-devel-linux-x86_64-fedora-clang 0.12-1 208.97 NOTE
r-devel-linux-x86_64-fedora-gcc 0.12-1 183.73 OK
r-devel-windows-ix86+x86_64 0.12-1 173.00 149.00 322.00 OK
r-patched-linux-x86_64 0.12-1 68.00 61.32 129.32 OK
r-patched-solaris-x86 0.12-1 206.70 OK
r-release-linux-x86_64 0.12-1 64.20 61.17 125.37 OK
r-release-windows-ix86+x86_64 0.12-1 225.00 119.00 344.00 OK
r-release-osx-x86_64 0.12-1 NOTE
r-oldrel-windows-ix86+x86_64 0.12-1 220.00 158.00 378.00 OK
r-oldrel-osx-x86_64 0.12-1 NOTE

Check Details

Version: 0.12-1
Check: installed package size
Result: NOTE
     installed size is 6.0Mb
     sub-directories of 1Mb or more:
     libs 5.5Mb
Flavors: r-devel-linux-x86_64-fedora-clang, r-release-osx-x86_64, r-oldrel-osx-x86_64