CRAN Package Check Results for Package treebalance

Last updated on 2022-05-20 05:54:42 CEST.

Flavor Version Tinstall Tcheck Ttotal Status Flags
r-devel-linux-x86_64-debian-clang 1.1.0 4.29 42.67 46.96 OK
r-devel-linux-x86_64-debian-gcc 1.1.0 3.79 32.98 36.77 OK
r-devel-linux-x86_64-fedora-clang 1.1.0 58.24 NOTE
r-devel-linux-x86_64-fedora-gcc 1.1.0 56.81 NOTE
r-devel-windows-x86_64 1.1.0 45.00 58.00 103.00 OK
r-patched-linux-x86_64 1.1.0 4.44 40.87 45.31 OK
r-release-linux-x86_64 1.1.0 4.54 41.51 46.05 OK
r-release-macos-arm64 1.1.0 20.00 NOTE
r-release-macos-x86_64 1.1.0 39.00 NOTE
r-release-windows-x86_64 1.1.0 66.00 63.00 129.00 OK
r-oldrel-macos-arm64 1.1.0 21.00 NOTE
r-oldrel-macos-x86_64 1.1.0 26.00 NOTE
r-oldrel-windows-ix86+x86_64 1.1.0 9.00 56.00 65.00 OK

Check Details

Version: 1.1.0
Check: dependencies in R code
Result: NOTE
    Namespace in Imports field not imported from: ‘memoise’
     All declared Imports should be used.
Flavors: r-devel-linux-x86_64-fedora-clang, r-devel-linux-x86_64-fedora-gcc, r-release-macos-arm64, r-release-macos-x86_64, r-oldrel-macos-arm64, r-oldrel-macos-x86_64