Last updated on 2022-08-09 05:55:57 CEST.
Flavor | Version | Tinstall | Tcheck | Ttotal | Status | Flags |
---|---|---|---|---|---|---|
r-devel-linux-x86_64-debian-clang | 1.1.0 | 159.86 | 69.54 | 229.40 | NOTE | |
r-devel-linux-x86_64-debian-gcc | 1.1.0 | 128.43 | 52.97 | 181.40 | NOTE | |
r-devel-linux-x86_64-fedora-clang | 1.1.0 | 333.07 | NOTE | |||
r-devel-linux-x86_64-fedora-gcc | 1.1.0 | 330.38 | NOTE | |||
r-devel-windows-x86_64 | 1.1.0 | 145.00 | 123.00 | 268.00 | NOTE | |
r-patched-linux-x86_64 | 1.1.0 | 146.16 | 66.75 | 212.91 | NOTE | |
r-release-linux-x86_64 | 1.1.0 | NOTE | ||||
r-release-macos-arm64 | 1.1.0 | 79.00 | NOTE | |||
r-release-macos-x86_64 | 1.1.0 | 97.00 | NOTE | |||
r-release-windows-x86_64 | 1.1.0 | 147.00 | 130.00 | 277.00 | NOTE | |
r-oldrel-macos-arm64 | 1.1.0 | 90.00 | NOTE | |||
r-oldrel-macos-x86_64 | 1.1.0 | 119.00 | NOTE | |||
r-oldrel-windows-ix86+x86_64 | 1.1.0 | 373.00 | 143.00 | 516.00 | NOTE |
Version: 1.1.0
Check: package subdirectories
Result: NOTE
Problems with news in 'NEWS.md':
Cannot extract version info from the following section titles:
Bug fixes
Flavors: r-devel-linux-x86_64-debian-clang, r-devel-linux-x86_64-debian-gcc, r-devel-linux-x86_64-fedora-clang, r-devel-linux-x86_64-fedora-gcc, r-devel-windows-x86_64
Version: 1.1.0
Check: LazyData
Result: NOTE
'LazyData' is specified without a 'data' directory
Flavors: r-devel-linux-x86_64-debian-clang, r-devel-linux-x86_64-debian-gcc, r-devel-linux-x86_64-fedora-clang, r-devel-linux-x86_64-fedora-gcc, r-devel-windows-x86_64, r-patched-linux-x86_64, r-release-linux-x86_64, r-release-macos-arm64, r-release-macos-x86_64, r-release-windows-x86_64, r-oldrel-macos-arm64, r-oldrel-macos-x86_64, r-oldrel-windows-ix86+x86_64
Version: 1.1.0
Check: installed package size
Result: NOTE
installed size is 6.6Mb
sub-directories of 1Mb or more:
libs 6.1Mb
Flavors: r-release-macos-arm64, r-release-macos-x86_64, r-oldrel-macos-arm64, r-oldrel-macos-x86_64