CRAN Package Check Results for Package trimmer

Last updated on 2022-12-09 05:54:22 CET.

Flavor Version Tinstall Tcheck Ttotal Status Flags
r-devel-linux-x86_64-debian-clang 0.8.1 4.71 48.57 53.28 NOTE
r-devel-linux-x86_64-debian-gcc 0.8.1 3.48 36.72 40.20 NOTE
r-devel-linux-x86_64-fedora-clang 0.8.1 70.81 NOTE
r-devel-linux-x86_64-fedora-gcc 0.8.1 83.50 NOTE
r-devel-windows-x86_64 0.8.1 11.00 80.00 91.00 NOTE
r-patched-linux-x86_64 0.8.1 4.50 44.71 49.21 NOTE
r-release-linux-x86_64 0.8.1 3.99 46.65 50.64 NOTE
r-release-macos-arm64 0.8.1 23.00 NOTE
r-release-macos-x86_64 0.8.1 30.00 NOTE
r-release-windows-x86_64 0.8.1 19.00 83.00 102.00 NOTE
r-oldrel-macos-arm64 0.8.1 28.00 NOTE
r-oldrel-macos-x86_64 0.8.1 38.00 NOTE
r-oldrel-windows-ix86+x86_64 0.8.1 12.00 75.00 87.00 NOTE

Check Details

Version: 0.8.1
Check: LazyData
Result: NOTE
     'LazyData' is specified without a 'data' directory
Flavors: r-devel-linux-x86_64-debian-clang, r-devel-linux-x86_64-debian-gcc, r-devel-linux-x86_64-fedora-clang, r-devel-linux-x86_64-fedora-gcc, r-devel-windows-x86_64, r-patched-linux-x86_64, r-release-linux-x86_64, r-release-macos-arm64, r-release-macos-x86_64, r-release-windows-x86_64, r-oldrel-macos-arm64, r-oldrel-macos-x86_64, r-oldrel-windows-ix86+x86_64