CRAN Package Check Results for Package trread

Last updated on 2019-07-16 05:48:36 CEST.

Flavor Version Tinstall Tcheck Ttotal Status Flags
r-devel-linux-x86_64-debian-clang 0.2.7 6.47 92.00 98.47 NOTE
r-devel-linux-x86_64-debian-gcc 0.2.7 5.22 75.74 80.96 NOTE
r-devel-linux-x86_64-fedora-clang 0.2.7 127.20 NOTE
r-devel-linux-x86_64-fedora-gcc 0.2.7 121.10 NOTE
r-devel-windows-ix86+x86_64 0.2.7 18.00 102.00 120.00 OK
r-patched-linux-x86_64 0.2.7 7.11 94.42 101.53 OK
r-patched-solaris-x86 0.2.7 188.70 NOTE
r-release-linux-x86_64 0.2.7 6.45 96.55 103.00 OK
r-release-windows-ix86+x86_64 0.2.7 13.00 105.00 118.00 NOTE
r-release-osx-x86_64 0.2.7 NOTE
r-oldrel-windows-ix86+x86_64 0.2.7 14.00 142.00 156.00 OK
r-oldrel-osx-x86_64 0.2.7 NOTE

Check Details

Version: 0.2.7
Check: package vignettes
Result: NOTE
    Package vignette with placeholder title 'Vignette Title':
     'GTFS-table-relationships.Rmd'
Flavors: r-devel-linux-x86_64-debian-clang, r-devel-linux-x86_64-debian-gcc

Version: 0.2.7
Check: installed package size
Result: NOTE
     installed size is 5.0Mb
     sub-directories of 1Mb or more:
     extdata 4.4Mb
Flavors: r-devel-linux-x86_64-fedora-clang, r-patched-solaris-x86, r-release-windows-ix86+x86_64, r-release-osx-x86_64, r-oldrel-osx-x86_64

Version: 0.2.7
Check: dependencies in R code
Result: NOTE
    Namespaces in Imports field not imported from:
     ‘here’ ‘htmltools’ ‘scales’ ‘stringr’
     All declared Imports should be used.
Flavors: r-devel-linux-x86_64-fedora-clang, r-devel-linux-x86_64-fedora-gcc, r-patched-solaris-x86, r-release-osx-x86_64, r-oldrel-osx-x86_64

Version: 0.2.7
Check: data for non-ASCII characters
Result: NOTE
     Note: found 41 marked UTF-8 strings
Flavors: r-devel-linux-x86_64-fedora-clang, r-devel-linux-x86_64-fedora-gcc, r-patched-solaris-x86, r-release-osx-x86_64, r-oldrel-osx-x86_64