CRAN Package Check Results for Package truthiness

Last updated on 2022-01-23 05:58:08 CET.

Flavor Version Tinstall Tcheck Ttotal Status Flags
r-devel-linux-x86_64-debian-clang 1.2.5 5.13 94.91 100.04 OK
r-devel-linux-x86_64-debian-gcc 1.2.5 4.16 78.13 82.29 OK
r-devel-linux-x86_64-fedora-clang 1.2.5 114.63 NOTE
r-devel-linux-x86_64-fedora-gcc 1.2.5 104.91 NOTE
r-devel-windows-x86_64-new-UL 1.2.5 140.00 133.00 273.00 OK
r-devel-windows-x86_64-new-TK 1.2.5 ERROR
r-patched-linux-x86_64 1.2.5 5.19 91.24 96.43 OK
r-release-linux-x86_64 1.2.5 5.27 88.70 93.97 OK
r-release-macos-arm64 1.2.5 NOTE
r-release-macos-x86_64 1.2.5 NOTE
r-release-windows-ix86+x86_64 1.2.5 12.00 115.00 127.00 OK
r-oldrel-macos-x86_64 1.2.5 NOTE
r-oldrel-windows-ix86+x86_64 1.2.5 13.00 117.00 130.00 OK

Check Details

Version: 1.2.5
Check: dependencies in R code
Result: NOTE
    Namespaces in Imports field not imported from:
     ‘DT’ ‘ez’ ‘forcats’ ‘ggplot2’
     All declared Imports should be used.
Flavors: r-devel-linux-x86_64-fedora-clang, r-devel-linux-x86_64-fedora-gcc, r-release-macos-arm64, r-release-macos-x86_64, r-oldrel-macos-x86_64

Version: 1.2.5
Check: data for non-ASCII characters
Result: NOTE
     Note: found 118 marked UTF-8 strings
Flavors: r-devel-linux-x86_64-fedora-clang, r-devel-linux-x86_64-fedora-gcc, r-release-macos-arm64, r-release-macos-x86_64, r-oldrel-macos-x86_64

Version: 1.2.5
Check: package dependencies
Result: ERROR
    Packages required but not available: 'lme4', 'ez'
    
    See section 'The DESCRIPTION file' in the 'Writing R Extensions'
    manual.
Flavor: r-devel-windows-x86_64-new-TK