CRAN Package Check Results for Package ttScreening

Last updated on 2024-06-13 06:58:22 CEST.

Flavor Version Tinstall Tcheck Ttotal Status Flags
r-devel-linux-x86_64-debian-clang 1.6 25.35 268.98 294.33 OK
r-devel-linux-x86_64-debian-gcc 1.6 0.33 1.74 2.07 ERROR
r-devel-linux-x86_64-fedora-clang 1.6 379.32 OK
r-devel-linux-x86_64-fedora-gcc 1.6 257.62 OK
r-devel-windows-x86_64 1.6 24.00 179.00 203.00 OK
r-patched-linux-x86_64 1.6 31.39 253.54 284.93 OK
r-release-linux-x86_64 1.6 20.87 248.26 269.13 OK
r-release-macos-arm64 1.6 86.00 OK
r-release-macos-x86_64 1.6 139.00 OK
r-release-windows-x86_64 1.6 25.00 185.00 210.00 OK
r-oldrel-macos-arm64 1.6 91.00 OK
r-oldrel-macos-x86_64 1.6 303.00 OK
r-oldrel-windows-x86_64 1.6 27.00 228.00 255.00 OK

Check Details

Version: 1.6
Check: package dependencies
Result: ERROR Package required but not available: ‘sva’ See section ‘The DESCRIPTION file’ in the ‘Writing R Extensions’ manual. Flavor: r-devel-linux-x86_64-debian-gcc