CRAN Package Check Results for Package tuber

Last updated on 2022-01-22 05:10:36 CET.

Flavor Version Tinstall Tcheck Ttotal Status Flags
r-devel-linux-x86_64-debian-clang 0.9.9 6.67 67.41 74.08 NOTE
r-devel-linux-x86_64-debian-gcc 0.9.9 4.94 50.96 55.90 NOTE
r-devel-linux-x86_64-fedora-clang 0.9.9 88.70 NOTE
r-devel-linux-x86_64-fedora-gcc 0.9.9 74.88 NOTE
r-devel-windows-x86_64-new-UL 0.9.9 42.00 100.00 142.00 NOTE
r-devel-windows-x86_64-new-TK 0.9.9 NOTE
r-patched-linux-x86_64 0.9.9 10.47 62.20 72.67 NOTE
r-release-linux-x86_64 0.9.9 4.77 61.36 66.13 NOTE
r-release-macos-arm64 0.9.9 NOTE
r-release-macos-x86_64 0.9.9 NOTE
r-release-windows-ix86+x86_64 0.9.9 15.00 80.00 95.00 NOTE
r-oldrel-macos-x86_64 0.9.9 OK
r-oldrel-windows-ix86+x86_64 0.9.9 15.00 83.00 98.00 OK

Check Details

Version: 0.9.9
Check: LazyData
Result: NOTE
     'LazyData' is specified without a 'data' directory
Flavors: r-devel-linux-x86_64-debian-clang, r-devel-linux-x86_64-debian-gcc, r-devel-linux-x86_64-fedora-clang, r-devel-linux-x86_64-fedora-gcc, r-devel-windows-x86_64-new-UL, r-devel-windows-x86_64-new-TK, r-patched-linux-x86_64, r-release-linux-x86_64, r-release-macos-arm64, r-release-macos-x86_64, r-release-windows-ix86+x86_64