CRAN Package Check Results for Package tukeyGH

Last updated on 2022-01-18 05:50:31 CET.

Flavor Version Tinstall Tcheck Ttotal Status Flags
r-devel-linux-x86_64-debian-clang 1.0.0 3.23 64.41 67.64 OK
r-devel-linux-x86_64-debian-gcc 1.0.0 2.68 49.45 52.13 OK
r-devel-linux-x86_64-fedora-clang 1.0.0 82.28 NOTE
r-devel-linux-x86_64-fedora-gcc 1.0.0 71.25 NOTE
r-devel-windows-x86_64-new-UL 1.0.0 45.00 83.00 128.00 OK
r-devel-windows-x86_64-new-TK 1.0.0 NOTE
r-patched-linux-x86_64 1.0.0 3.30 62.81 66.11 OK
r-release-linux-x86_64 1.0.0 OK
r-release-macos-arm64 1.0.0 NOTE
r-release-macos-x86_64 1.0.0 NOTE
r-release-windows-ix86+x86_64 1.0.0 6.00 78.00 84.00 ERROR
r-oldrel-macos-x86_64 1.0.0 NOTE
r-oldrel-windows-ix86+x86_64 1.0.0 6.00 77.00 83.00 OK

Check Details

Version: 1.0.0
Check: dependencies in R code
Result: NOTE
    Namespace in Imports field not imported from: ‘Rdpack’
     All declared Imports should be used.
Flavors: r-devel-linux-x86_64-fedora-clang, r-devel-linux-x86_64-fedora-gcc, r-devel-windows-x86_64-new-TK, r-release-macos-arm64, r-release-macos-x86_64, r-oldrel-macos-x86_64

Version: 1.0.0
Check: tests
Result: ERROR
     Running 'testthat.R' [30s]
    Running the tests in 'tests/testthat.R' failed.
    Complete output:
     > library(testthat)
     > library(tukeyGH)
     >
     > test_check("tukeyGH")
     == Failed tests ================================================================
     -- Failure (test-dgh.R:25:3): dgh works ----------------------------------------
     depo$fx (`actual`) not equal to depo$afx (`expected`).
    
     actual | expected
     [1] 0.483344860 - 0.483151696 [1]
     [2] 0.235264324 - 0.235263059 [2]
     [3] 0.009825168 - 0.009798817 [3]
     [4] 0.088621877 - 0.088617647 [4]
     [5] 1.243094569 - 1.243075343 [5]
     [6] 0.786592261 - 0.786502219 [6]
     [7] 0.027589863 - 0.027512626 [7]
     [8] 0.949436735 - 0.949373474 [8]
     [9] 0.005260172 - 0.005270698 [9]
     [10] 0.023104524 - 0.023059132 [10]
     ... ... ... and 190 more ...
    
     [ FAIL 1 | WARN 0 | SKIP 0 | PASS 62 ]
     Error: Test failures
     Execution halted
Flavor: r-release-windows-ix86+x86_64