CRAN Package Check Results for Package twfy

Last updated on 2022-05-25 05:53:52 CEST.

Flavor Version Tinstall Tcheck Ttotal Status Flags
r-devel-linux-x86_64-debian-clang 0.1.0 2.03 34.19 36.22 NOTE
r-devel-linux-x86_64-debian-gcc 0.1.0 1.96 27.05 29.01 NOTE
r-devel-linux-x86_64-fedora-clang 0.1.0 45.21 NOTE
r-devel-linux-x86_64-fedora-gcc 0.1.0 33.80 NOTE
r-devel-windows-x86_64 0.1.0 16.00 54.00 70.00 NOTE
r-patched-linux-x86_64 0.1.0 2.71 33.52 36.23 NOTE
r-release-linux-x86_64 0.1.0 NOTE
r-release-macos-arm64 0.1.0 15.00 NOTE
r-release-macos-x86_64 0.1.0 22.00 NOTE
r-release-windows-x86_64 0.1.0 18.00 53.00 71.00 NOTE
r-oldrel-macos-arm64 0.1.0 17.00 NOTE
r-oldrel-macos-x86_64 0.1.0 26.00 NOTE
r-oldrel-windows-ix86+x86_64 0.1.0 6.00 51.00 57.00 NOTE

Check Details

Version: 0.1.0
Check: LazyData
Result: NOTE
     'LazyData' is specified without a 'data' directory
Flavors: r-devel-linux-x86_64-debian-clang, r-devel-linux-x86_64-debian-gcc, r-devel-linux-x86_64-fedora-clang, r-devel-linux-x86_64-fedora-gcc, r-devel-windows-x86_64, r-patched-linux-x86_64, r-release-linux-x86_64, r-release-macos-arm64, r-release-macos-x86_64, r-release-windows-x86_64, r-oldrel-macos-arm64, r-oldrel-macos-x86_64, r-oldrel-windows-ix86+x86_64