CRAN Package Check Results for Package typed

Last updated on 2022-05-20 05:54:42 CEST.

Flavor Version Tinstall Tcheck Ttotal Status Flags
r-devel-linux-x86_64-debian-clang 0.0.1 2.43 39.62 42.05 NOTE
r-devel-linux-x86_64-debian-gcc 0.0.1 2.09 30.02 32.11 NOTE
r-devel-linux-x86_64-fedora-clang 0.0.1 51.30 NOTE
r-devel-linux-x86_64-fedora-gcc 0.0.1 49.53 NOTE
r-devel-windows-x86_64 0.0.1 12.00 54.00 66.00 NOTE
r-patched-linux-x86_64 0.0.1 2.97 37.98 40.95 NOTE
r-release-linux-x86_64 0.0.1 2.67 37.88 40.55 NOTE
r-release-macos-arm64 0.0.1 17.00 NOTE
r-release-macos-x86_64 0.0.1 24.00 NOTE
r-release-windows-x86_64 0.0.1 11.00 57.00 68.00 NOTE
r-oldrel-macos-arm64 0.0.1 20.00 NOTE
r-oldrel-macos-x86_64 0.0.1 23.00 NOTE
r-oldrel-windows-ix86+x86_64 0.0.1 7.00 53.00 60.00 NOTE

Check Details

Version: 0.0.1
Check: LazyData
Result: NOTE
     'LazyData' is specified without a 'data' directory
Flavors: r-devel-linux-x86_64-debian-clang, r-devel-linux-x86_64-debian-gcc, r-devel-linux-x86_64-fedora-clang, r-devel-linux-x86_64-fedora-gcc, r-devel-windows-x86_64, r-patched-linux-x86_64, r-release-linux-x86_64, r-release-macos-arm64, r-release-macos-x86_64, r-release-windows-x86_64, r-oldrel-macos-arm64, r-oldrel-macos-x86_64, r-oldrel-windows-ix86+x86_64