CRAN Package Check Results for Package u5mr

Last updated on 2022-01-24 05:52:06 CET.

Flavor Version Tinstall Tcheck Ttotal Status Flags
r-devel-linux-x86_64-debian-clang 0.1.1 21.97 42.02 63.99 OK
r-devel-linux-x86_64-debian-gcc 0.1.1 21.37 33.43 54.80 OK
r-devel-linux-x86_64-fedora-clang 0.1.1 90.95 NOTE
r-devel-linux-x86_64-fedora-gcc 0.1.1 78.96 NOTE
r-devel-windows-x86_64-new-UL 0.1.1 44.00 65.00 109.00 OK
r-devel-windows-x86_64-new-TK 0.1.1 NOTE
r-patched-linux-x86_64 0.1.1 25.84 41.50 67.34 OK
r-release-linux-x86_64 0.1.1 25.98 41.28 67.26 OK
r-release-macos-arm64 0.1.1 NOTE
r-release-macos-x86_64 0.1.1 NOTE
r-release-windows-ix86+x86_64 0.1.1 36.00 53.00 89.00 OK
r-oldrel-macos-x86_64 0.1.1 NOTE
r-oldrel-windows-ix86+x86_64 0.1.1 37.00 53.00 90.00 OK

Check Details

Version: 0.1.1
Check: dependencies in R code
Result: NOTE
    Namespace in Imports field not imported from: ‘lifecycle’
     All declared Imports should be used.
Flavors: r-devel-linux-x86_64-fedora-clang, r-devel-linux-x86_64-fedora-gcc, r-devel-windows-x86_64-new-TK, r-release-macos-arm64, r-release-macos-x86_64, r-oldrel-macos-x86_64