CRAN Package Check Results for Package ungroup

Last updated on 2022-01-23 05:58:08 CET.

Flavor Version Tinstall Tcheck Ttotal Status Flags
r-devel-linux-x86_64-debian-clang 1.4.2 48.23 124.27 172.50 OK
r-devel-linux-x86_64-debian-gcc 1.4.2 39.89 106.68 146.57 OK
r-devel-linux-x86_64-fedora-clang 1.4.2 226.57 NOTE
r-devel-linux-x86_64-fedora-gcc 1.4.2 210.85 OK
r-devel-windows-x86_64-new-UL 1.4.2 66.00 204.00 270.00 OK
r-devel-windows-x86_64-new-TK 1.4.2 OK
r-patched-linux-x86_64 1.4.2 47.86 120.65 168.51 OK
r-release-linux-x86_64 1.4.2 43.00 120.50 163.50 OK
r-release-macos-arm64 1.4.2 NOTE
r-release-macos-x86_64 1.4.2 NOTE
r-release-windows-ix86+x86_64 1.4.2 111.00 236.00 347.00 OK
r-oldrel-macos-x86_64 1.4.2 NOTE
r-oldrel-windows-ix86+x86_64 1.4.2 114.00 236.00 350.00 OK

Check Details

Version: 1.4.2
Check: installed package size
Result: NOTE
     installed size is 14.2Mb
     sub-directories of 1Mb or more:
     libs 13.6Mb
Flavors: r-devel-linux-x86_64-fedora-clang, r-release-macos-arm64, r-release-macos-x86_64, r-oldrel-macos-x86_64