CRAN Package Check Results for Package unine

Last updated on 2022-08-12 05:53:02 CEST.

Flavor Version Tinstall Tcheck Ttotal Status Flags
r-devel-linux-x86_64-debian-clang 0.2.0 65.13 30.94 96.07 OK
r-devel-linux-x86_64-debian-gcc 0.2.0 45.10 24.45 69.55 OK
r-devel-linux-x86_64-fedora-clang 0.2.0 153.80 NOTE
r-devel-linux-x86_64-fedora-gcc 0.2.0 137.28 NOTE
r-devel-windows-x86_64 0.2.0 215.00 77.00 292.00 OK
r-patched-linux-x86_64 0.2.0 54.87 29.56 84.43 OK
r-release-linux-x86_64 0.2.0 50.87 29.62 80.49 OK
r-release-macos-arm64 0.2.0 32.00 NOTE
r-release-macos-x86_64 0.2.0 47.00 NOTE
r-release-windows-x86_64 0.2.0 71.00 79.00 150.00 OK
r-oldrel-macos-arm64 0.2.0 39.00 NOTE
r-oldrel-macos-x86_64 0.2.0 69.00 NOTE
r-oldrel-windows-ix86+x86_64 0.2.0 160.00 79.00 239.00 OK

Check Details

Version: 0.2.0
Check: data for non-ASCII characters
Result: NOTE
     Note: found 548 marked UTF-8 strings
Flavors: r-devel-linux-x86_64-fedora-clang, r-devel-linux-x86_64-fedora-gcc, r-release-macos-arm64, r-release-macos-x86_64, r-oldrel-macos-arm64, r-oldrel-macos-x86_64